Last updated on 2025-05-08 05:52:05 CEST.
Flavor | Version | Tinstall | Tcheck | Ttotal | Status | Flags |
---|---|---|---|---|---|---|
r-devel-linux-x86_64-debian-clang | 0.0-3 | 40.15 | 73.78 | 113.93 | NOTE | |
r-devel-linux-x86_64-debian-gcc | 0.0-3 | 31.01 | 54.15 | 85.16 | NOTE | |
r-devel-linux-x86_64-fedora-clang | 0.0-3 | 193.32 | NOTE | |||
r-devel-linux-x86_64-fedora-gcc | 0.0-3 | 201.53 | NOTE | |||
r-devel-windows-x86_64 | 0.0-3 | 48.00 | 103.00 | 151.00 | NOTE | |
r-patched-linux-x86_64 | 0.0-3 | 42.01 | 71.27 | 113.28 | NOTE | |
r-release-linux-x86_64 | 0.0-3 | 38.67 | 70.94 | 109.61 | NOTE | |
r-release-macos-arm64 | 0.0-3 | 74.00 | NOTE | |||
r-release-macos-x86_64 | 0.0-3 | 93.00 | NOTE | |||
r-release-windows-x86_64 | 0.0-3 | 48.00 | 100.00 | 148.00 | NOTE | |
r-oldrel-macos-arm64 | 0.0-3 | 46.00 | NOTE | |||
r-oldrel-macos-x86_64 | 0.0-3 | 71.00 | NOTE | |||
r-oldrel-windows-x86_64 | 0.0-3 | 55.00 | 128.00 | 183.00 | NOTE |
Version: 0.0-3
Check: CRAN incoming feasibility
Result: NOTE
Maintainer: ‘Gunther Schauberger <gunther.schauberger@tum.de>’
No Authors@R field in DESCRIPTION.
Please add one, modifying
Authors@R: person(given = "Gunther",
family = "Schauberger",
role = c("aut", "cre"),
email = "gunther.schauberger@tum.de")
as necessary.
Flavors: r-devel-linux-x86_64-debian-clang, r-devel-linux-x86_64-debian-gcc
Version: 0.0-3
Check: C++ specification
Result: NOTE
Specified C++11: please drop specification unless essential
Flavors: r-devel-linux-x86_64-debian-clang, r-devel-linux-x86_64-debian-gcc, r-devel-linux-x86_64-fedora-clang, r-devel-linux-x86_64-fedora-gcc, r-devel-windows-x86_64, r-patched-linux-x86_64, r-release-linux-x86_64, r-release-macos-arm64, r-release-macos-x86_64, r-release-windows-x86_64, r-oldrel-macos-arm64, r-oldrel-macos-x86_64, r-oldrel-windows-x86_64