Last updated on 2025-05-08 05:52:04 CEST.
Flavor | Version | Tinstall | Tcheck | Ttotal | Status | Flags |
---|---|---|---|---|---|---|
r-devel-linux-x86_64-debian-clang | 0.9 | 3.54 | 24.14 | 27.68 | OK | |
r-devel-linux-x86_64-debian-gcc | 0.9 | 2.66 | 18.09 | 20.75 | OK | |
r-devel-linux-x86_64-fedora-clang | 0.9 | 41.64 | OK | |||
r-devel-linux-x86_64-fedora-gcc | 0.9 | 39.62 | OK | |||
r-devel-windows-x86_64 | 0.9 | 8.00 | 92.00 | 100.00 | OK | |
r-patched-linux-x86_64 | 0.9 | 3.11 | 22.16 | 25.27 | OK | |
r-release-linux-x86_64 | 0.9 | 2.98 | 22.13 | 25.11 | OK | |
r-release-macos-arm64 | 0.9 | 22.00 | OK | |||
r-release-macos-x86_64 | 0.9 | 42.00 | OK | |||
r-release-windows-x86_64 | 0.9 | 7.00 | 49.00 | 56.00 | OK | |
r-oldrel-macos-arm64 | 0.9 | 20.00 | NOTE | |||
r-oldrel-macos-x86_64 | 0.9 | 32.00 | NOTE | |||
r-oldrel-windows-x86_64 | 0.9 | 7.00 | 130.00 | 137.00 | NOTE |
Version: 0.9
Check: LazyData
Result: NOTE
'LazyData' is specified without a 'data' directory
Flavors: r-oldrel-macos-arm64, r-oldrel-macos-x86_64, r-oldrel-windows-x86_64