Last updated on 2025-05-07 05:50:45 CEST.
Flavor | Version | Tinstall | Tcheck | Ttotal | Status | Flags |
---|---|---|---|---|---|---|
r-devel-linux-x86_64-debian-clang | 1.0.5 | 44.79 | 37.11 | 81.90 | NOTE | |
r-devel-linux-x86_64-debian-gcc | 1.0.5 | 35.95 | 29.51 | 65.46 | NOTE | |
r-devel-linux-x86_64-fedora-clang | 1.0.5 | 134.35 | NOTE | |||
r-devel-linux-x86_64-fedora-gcc | 1.0.5 | 162.45 | NOTE | |||
r-devel-windows-x86_64 | 1.0.5 | 55.00 | 74.00 | 129.00 | NOTE | |
r-patched-linux-x86_64 | 1.0.5 | 49.80 | 34.74 | 84.54 | NOTE | |
r-release-linux-x86_64 | 1.0.5 | 49.82 | 34.57 | 84.39 | NOTE | |
r-release-macos-arm64 | 1.0.5 | 43.00 | NOTE | |||
r-release-macos-x86_64 | 1.0.5 | 75.00 | NOTE | |||
r-release-windows-x86_64 | 1.0.5 | 53.00 | 77.00 | 130.00 | NOTE | |
r-oldrel-macos-arm64 | 1.0.5 | 35.00 | NOTE | |||
r-oldrel-macos-x86_64 | 1.0.5 | 57.00 | NOTE | |||
r-oldrel-windows-x86_64 | 1.0.5 | 62.00 | 91.00 | 153.00 | NOTE |
Version: 1.0.5
Check: C++ specification
Result: NOTE
Specified C++11: please drop specification unless essential
Flavors: r-devel-linux-x86_64-debian-clang, r-devel-linux-x86_64-debian-gcc, r-devel-linux-x86_64-fedora-clang, r-devel-linux-x86_64-fedora-gcc, r-devel-windows-x86_64, r-patched-linux-x86_64, r-release-linux-x86_64, r-release-macos-arm64, r-release-macos-x86_64, r-release-windows-x86_64, r-oldrel-macos-arm64, r-oldrel-macos-x86_64, r-oldrel-windows-x86_64
Version: 1.0.5
Check: installed package size
Result: NOTE
installed size is 5.6Mb
sub-directories of 1Mb or more:
libs 5.3Mb
Flavors: r-oldrel-macos-arm64, r-oldrel-macos-x86_64