Last updated on 2025-05-08 05:52:03 CEST.
Flavor | Version | Tinstall | Tcheck | Ttotal | Status | Flags |
---|---|---|---|---|---|---|
r-devel-linux-x86_64-debian-clang | 1.1.3 | 3.98 | 41.37 | 45.35 | NOTE | |
r-devel-linux-x86_64-debian-gcc | 1.1.3 | 3.15 | 32.51 | 35.66 | NOTE | |
r-devel-linux-x86_64-fedora-clang | 1.1.3 | 68.12 | OK | |||
r-devel-linux-x86_64-fedora-gcc | 1.1.3 | 70.45 | OK | |||
r-devel-windows-x86_64 | 1.1.3 | 6.00 | 59.00 | 65.00 | OK | |
r-patched-linux-x86_64 | 1.1.3 | 4.58 | 39.49 | 44.07 | OK | |
r-release-linux-x86_64 | 1.1.3 | 4.17 | 39.81 | 43.98 | OK | |
r-release-macos-arm64 | 1.1.3 | 28.00 | OK | |||
r-release-macos-x86_64 | 1.1.3 | 45.00 | OK | |||
r-release-windows-x86_64 | 1.1.3 | 6.00 | 59.00 | 65.00 | OK | |
r-oldrel-macos-arm64 | 1.1.3 | 24.00 | OK | |||
r-oldrel-macos-x86_64 | 1.1.3 | 36.00 | OK | |||
r-oldrel-windows-x86_64 | 1.1.3 | 6.00 | 67.00 | 73.00 | OK |
Version: 1.1.3
Check: CRAN incoming feasibility
Result: NOTE
Maintainer: ‘Stephen A Sefick Jr. <ssefick@gmail.com>’
No Authors@R field in DESCRIPTION.
Please add one, modifying
Authors@R: person(given = c("Stephen", "A"),
family = "Sefick Jr.",
role = c("aut", "cre"),
email = "ssefick@gmail.com")
as necessary.
Flavors: r-devel-linux-x86_64-debian-clang, r-devel-linux-x86_64-debian-gcc