CRAN Package Check Results for Package SensitivityCaseControl

Last updated on 2025-11-06 05:50:11 CET.

Flavor Version Tinstall Tcheck Ttotal Status Flags
r-devel-linux-x86_64-debian-clang 2.2 1.99 21.99 23.98 NOTE
r-devel-linux-x86_64-debian-gcc 2.2 1.56 18.26 19.82 NOTE
r-devel-linux-x86_64-fedora-clang 2.2 35.94 OK
r-devel-linux-x86_64-fedora-gcc 2.2 34.04 OK
r-devel-windows-x86_64 2.2 3.00 38.00 41.00 OK
r-patched-linux-x86_64 2.2 2.08 20.67 22.75 OK
r-release-linux-x86_64 2.2 1.95 20.68 22.63 OK
r-release-macos-arm64 2.2 1.00 16.00 17.00 OK
r-release-macos-x86_64 2.2 2.00 24.00 26.00 OK
r-release-windows-x86_64 2.2 2.00 39.00 41.00 OK
r-oldrel-macos-arm64 2.2 1.00 15.00 16.00 OK
r-oldrel-macos-x86_64 2.2 2.00 20.00 22.00 OK
r-oldrel-windows-x86_64 2.2 3.00 40.00 43.00 OK

Check Details

Version: 2.2
Check: CRAN incoming feasibility
Result: NOTE Maintainer: ‘Dylan Small <dsmall@wharton.upenn.edu>’ No Authors@R field in DESCRIPTION. Please add one, modifying Authors@R: person(given = "Dylan", family = "Small", role = c("aut", "cre"), email = "dsmall@wharton.upenn.edu") as necessary. Flavors: r-devel-linux-x86_64-debian-clang, r-devel-linux-x86_64-debian-gcc