CRAN Package Check Results for Package SampleSizeCalculator

Last updated on 2025-10-12 05:50:10 CEST.

Flavor Version Tinstall Tcheck Ttotal Status Flags
r-devel-linux-x86_64-debian-clang 0.1.0 1.88 19.64 21.52 OK
r-devel-linux-x86_64-debian-gcc 0.1.0 1.49 16.66 18.15 OK
r-devel-linux-x86_64-fedora-clang 0.1.0 31.46 NOTE
r-devel-linux-x86_64-fedora-gcc 0.1.0 29.54 NOTE
r-devel-windows-x86_64 0.1.0 4.00 37.00 41.00 OK
r-patched-linux-x86_64 0.1.0 1.92 18.66 20.58 OK
r-release-linux-x86_64 0.1.0 1.83 18.33 20.16 OK
r-release-macos-arm64 0.1.0 15.00 OK
r-release-macos-x86_64 0.1.0 38.00 OK
r-release-windows-x86_64 0.1.0 4.00 40.00 44.00 OK
r-oldrel-macos-arm64 0.1.0 19.00 OK
r-oldrel-macos-x86_64 0.1.0 36.00 OK
r-oldrel-windows-x86_64 0.1.0 5.00 42.00 47.00 OK

Check Details

Version: 0.1.0
Check: dependencies in R code
Result: NOTE Namespaces in Imports field not imported from: ‘DT’ ‘bslib’ ‘shinythemes’ All declared Imports should be used. Flavors: r-devel-linux-x86_64-fedora-clang, r-devel-linux-x86_64-fedora-gcc