CRAN Package Check Results for Package SPADAR

Last updated on 2025-10-12 05:50:12 CEST.

Flavor Version Tinstall Tcheck Ttotal Status Flags
r-devel-linux-x86_64-debian-clang 1.0 2.50 30.08 32.58 NOTE
r-devel-linux-x86_64-debian-gcc 1.0 2.11 21.81 23.92 NOTE
r-devel-linux-x86_64-fedora-clang 1.0 50.48 OK
r-devel-linux-x86_64-fedora-gcc 1.0 47.26 OK
r-devel-windows-x86_64 1.0 4.00 46.00 50.00 OK
r-patched-linux-x86_64 1.0 2.80 28.08 30.88 OK
r-release-linux-x86_64 1.0 2.40 27.86 30.26 OK
r-release-macos-arm64 1.0 20.00 OK
r-release-macos-x86_64 1.0 31.00 OK
r-release-windows-x86_64 1.0 3.00 48.00 51.00 OK
r-oldrel-macos-arm64 1.0 18.00 OK
r-oldrel-macos-x86_64 1.0 26.00 OK
r-oldrel-windows-x86_64 1.0 4.00 53.00 57.00 OK

Check Details

Version: 1.0
Check: CRAN incoming feasibility
Result: NOTE Maintainer: ‘Alberto Krone-Martins <algol@sim.ul.pt>’ No Authors@R field in DESCRIPTION. Please add one, modifying Authors@R: person(given = "Alberto", family = "Krone-Martins", role = c("aut", "cre"), email = "algol@sim.ul.pt") as necessary. Flavors: r-devel-linux-x86_64-debian-clang, r-devel-linux-x86_64-debian-gcc