Last updated on 2025-05-08 05:52:02 CEST.
Flavor | Version | Tinstall | Tcheck | Ttotal | Status | Flags |
---|---|---|---|---|---|---|
r-devel-linux-x86_64-debian-clang | 1.1.1 | 34.77 | 29.85 | 64.62 | NOTE | |
r-devel-linux-x86_64-debian-gcc | 1.1.1 | 25.36 | 23.12 | 48.48 | NOTE | |
r-devel-linux-x86_64-fedora-clang | 1.1.1 | 110.08 | NOTE | |||
r-devel-linux-x86_64-fedora-gcc | 1.1.1 | 118.31 | NOTE | |||
r-devel-windows-x86_64 | 1.1.1 | 38.00 | 70.00 | 108.00 | NOTE | |
r-patched-linux-x86_64 | 1.1.1 | 32.38 | 28.16 | 60.54 | NOTE | |
r-release-linux-x86_64 | 1.1.1 | 33.81 | 28.06 | 61.87 | NOTE | |
r-release-macos-arm64 | 1.1.1 | 38.00 | NOTE | |||
r-release-macos-x86_64 | 1.1.1 | 61.00 | NOTE | |||
r-release-windows-x86_64 | 1.1.1 | 39.00 | 74.00 | 113.00 | NOTE | |
r-oldrel-macos-arm64 | 1.1.1 | 38.00 | NOTE | |||
r-oldrel-macos-x86_64 | 1.1.1 | 48.00 | NOTE | |||
r-oldrel-windows-x86_64 | 1.1.1 | 43.00 | 78.00 | 121.00 | NOTE |
Version: 1.1.1
Check: C++ specification
Result: NOTE
Specified C++11: please drop specification unless essential
Flavors: r-devel-linux-x86_64-debian-clang, r-devel-linux-x86_64-debian-gcc, r-devel-linux-x86_64-fedora-clang, r-devel-linux-x86_64-fedora-gcc, r-devel-windows-x86_64, r-patched-linux-x86_64, r-release-linux-x86_64, r-release-macos-arm64, r-release-macos-x86_64, r-release-windows-x86_64, r-oldrel-macos-arm64, r-oldrel-macos-x86_64, r-oldrel-windows-x86_64