Last updated on 2025-05-08 05:52:01 CEST.
Flavor | Version | Tinstall | Tcheck | Ttotal | Status | Flags |
---|---|---|---|---|---|---|
r-devel-linux-x86_64-debian-clang | 0.1.7 | 8.30 | 64.04 | 72.34 | NOTE | |
r-devel-linux-x86_64-debian-gcc | 0.1.7 | 5.66 | 44.97 | 50.63 | NOTE | |
r-devel-linux-x86_64-fedora-clang | 0.1.7 | 102.42 | OK | |||
r-devel-linux-x86_64-fedora-gcc | 0.1.7 | 107.11 | OK | |||
r-devel-windows-x86_64 | 0.1.7 | 10.00 | 76.00 | 86.00 | OK | |
r-patched-linux-x86_64 | 0.1.7 | 7.30 | 59.52 | 66.82 | OK | |
r-release-linux-x86_64 | 0.1.7 | 8.64 | 58.72 | 67.36 | OK | |
r-release-macos-arm64 | 0.1.7 | 33.00 | OK | |||
r-release-macos-x86_64 | 0.1.7 | 55.00 | OK | |||
r-release-windows-x86_64 | 0.1.7 | 10.00 | 76.00 | 86.00 | OK | |
r-oldrel-macos-arm64 | 0.1.7 | 36.00 | OK | |||
r-oldrel-macos-x86_64 | 0.1.7 | 53.00 | OK | |||
r-oldrel-windows-x86_64 | 0.1.7 | 13.00 | 95.00 | 108.00 | OK |
Version: 0.1.7
Check: CRAN incoming feasibility
Result: NOTE
Maintainer: ‘Isabella Bitetto <bitetto@coispa.it>’
No Authors@R field in DESCRIPTION.
Please add one, modifying
Authors@R: c(person(given = "Isabella",
family = "Bitetto",
role = c("aut", "cre"),
email = "bitetto@coispa.it",
comment = "COISPA"),
person(given = "Loretta",
family = "Malvarosa",
role = "aut",
comment = "NISEA"),
person(given = c("Maria", "Teresa"),
family = "Spedicato",
role = "aut",
comment = "COISPA"),
person(given = "Ralf",
family = "Doering",
role = "aut",
comment = "THUENEN"),
person(given = "Joerg",
family = "Berkenhagen",
role = "aut",
comment = "THUENEN"))
as necessary.
Flavors: r-devel-linux-x86_64-debian-clang, r-devel-linux-x86_64-debian-gcc