Last updated on 2025-05-08 05:52:01 CEST.
Flavor | Version | Tinstall | Tcheck | Ttotal | Status | Flags |
---|---|---|---|---|---|---|
r-devel-linux-x86_64-debian-clang | 1.2 | 12.34 | 25.04 | 37.38 | NOTE | |
r-devel-linux-x86_64-debian-gcc | 1.2 | 8.53 | 20.02 | 28.55 | NOTE | |
r-devel-linux-x86_64-fedora-clang | 1.2 | 68.10 | OK | |||
r-devel-linux-x86_64-fedora-gcc | 1.2 | 63.45 | OK | |||
r-devel-windows-x86_64 | 1.2 | 14.00 | 60.00 | 74.00 | OK | |
r-patched-linux-x86_64 | 1.2 | 12.36 | 24.45 | 36.81 | OK | |
r-release-linux-x86_64 | 1.2 | 11.43 | 24.14 | 35.57 | OK | |
r-release-macos-arm64 | 1.2 | 24.00 | OK | |||
r-release-macos-x86_64 | 1.2 | 42.00 | OK | |||
r-release-windows-x86_64 | 1.2 | 15.00 | 60.00 | 75.00 | OK | |
r-oldrel-macos-arm64 | 1.2 | 23.00 | OK | |||
r-oldrel-macos-x86_64 | 1.2 | 38.00 | OK | |||
r-oldrel-windows-x86_64 | 1.2 | 17.00 | 75.00 | 92.00 | OK |
Version: 1.2
Check: CRAN incoming feasibility
Result: NOTE
Maintainer: ‘Alexander Marx <amarx@mpi-inf.mpg.de>’
No Authors@R field in DESCRIPTION.
Please add one, modifying
Authors@R: person(given = "Alexander",
family = "Marx",
role = c("aut", "cre"),
email = "amarx@mpi-inf.mpg.de")
as necessary.
Flavors: r-devel-linux-x86_64-debian-clang, r-devel-linux-x86_64-debian-gcc