Last updated on 2025-05-07 05:50:40 CEST.
Flavor | Version | Tinstall | Tcheck | Ttotal | Status | Flags |
---|---|---|---|---|---|---|
r-devel-linux-x86_64-debian-clang | 1.0.5 | 6.38 | 45.96 | 52.34 | OK | |
r-devel-linux-x86_64-debian-gcc | 1.0.5 | 5.63 | 33.40 | 39.03 | OK | |
r-devel-linux-x86_64-fedora-clang | 1.0.5 | 80.27 | NOTE | |||
r-devel-linux-x86_64-fedora-gcc | 1.0.5 | 92.46 | NOTE | |||
r-devel-windows-x86_64 | 1.0.5 | 8.00 | 62.00 | 70.00 | OK | |
r-patched-linux-x86_64 | 1.0.5 | 6.69 | 42.65 | 49.34 | OK | |
r-release-linux-x86_64 | 1.0.5 | 6.17 | 43.16 | 49.33 | OK | |
r-release-macos-arm64 | 1.0.5 | 55.00 | OK | |||
r-release-macos-x86_64 | 1.0.5 | 65.00 | OK | |||
r-release-windows-x86_64 | 1.0.5 | 7.00 | 63.00 | 70.00 | OK | |
r-oldrel-macos-arm64 | 1.0.5 | 39.00 | OK | |||
r-oldrel-macos-x86_64 | 1.0.5 | 56.00 | OK | |||
r-oldrel-windows-x86_64 | 1.0.5 | 11.00 | 74.00 | 85.00 | OK |
Version: 1.0.5
Check: dependencies in R code
Result: NOTE
Namespace in Imports field not imported from: ‘ggplot2’
All declared Imports should be used.
Flavors: r-devel-linux-x86_64-fedora-clang, r-devel-linux-x86_64-fedora-gcc