Last updated on 2025-05-08 05:52:00 CEST.
Flavor | Version | Tinstall | Tcheck | Ttotal | Status | Flags |
---|---|---|---|---|---|---|
r-devel-linux-x86_64-debian-clang | 1.1 | 23.49 | 34.04 | 57.53 | NOTE | |
r-devel-linux-x86_64-debian-gcc | 1.1 | 17.55 | 26.19 | 43.74 | NOTE | |
r-devel-linux-x86_64-fedora-clang | 1.1 | 102.35 | NOTE | |||
r-devel-linux-x86_64-fedora-gcc | 1.1 | 103.48 | NOTE | |||
r-devel-windows-x86_64 | 1.1 | 28.00 | 73.00 | 101.00 | NOTE | |
r-patched-linux-x86_64 | 1.1 | 23.53 | 31.71 | 55.24 | NOTE | |
r-release-linux-x86_64 | 1.1 | 21.67 | 32.34 | 54.01 | NOTE | |
r-release-macos-arm64 | 1.1 | 31.00 | NOTE | |||
r-release-macos-x86_64 | 1.1 | 50.00 | NOTE | |||
r-release-windows-x86_64 | 1.1 | 27.00 | 74.00 | 101.00 | NOTE | |
r-oldrel-macos-arm64 | 1.1 | 28.00 | NOTE | |||
r-oldrel-macos-x86_64 | 1.1 | 51.00 | NOTE | |||
r-oldrel-windows-x86_64 | 1.1 | 33.00 | 86.00 | 119.00 | NOTE |
Version: 1.1
Check: CRAN incoming feasibility
Result: NOTE
Maintainer: ‘Panos Toulis <panos.toulis@chicagobooth.edu>’
No Authors@R field in DESCRIPTION.
Please add one, modifying
Authors@R: person(given = "Panos",
family = "Toulis",
role = c("aut", "cre"),
email = "panos.toulis@chicagobooth.edu")
as necessary.
Flavors: r-devel-linux-x86_64-debian-clang, r-devel-linux-x86_64-debian-gcc
Version: 1.1
Check: Rd files
Result: NOTE
checkRd: (-1) rrinf_clust.Rd:24: Lost braces; missing escapes or markup?
24 | \item{clustering}{A \code{List} that specifies a clustering of datapoint indexes {1, ..., n}. See \link{example_clustering} for details.}
| ^
checkRd: (-1) rrtest_clust.Rd:21: Lost braces; missing escapes or markup?
21 | \item{clustering}{A \code{List} that specifies a clustering of datapoint indexes {1, ..., n}.
| ^
Flavors: r-devel-linux-x86_64-debian-clang, r-devel-linux-x86_64-debian-gcc, r-devel-linux-x86_64-fedora-clang, r-devel-linux-x86_64-fedora-gcc, r-devel-windows-x86_64, r-patched-linux-x86_64, r-release-linux-x86_64, r-release-macos-arm64, r-release-macos-x86_64, r-release-windows-x86_64, r-oldrel-macos-arm64, r-oldrel-macos-x86_64, r-oldrel-windows-x86_64
Version: 1.1
Check: LazyData
Result: NOTE
'LazyData' is specified without a 'data' directory
Flavors: r-oldrel-macos-arm64, r-oldrel-macos-x86_64, r-oldrel-windows-x86_64