Last updated on 2025-05-07 05:50:41 CEST.
Flavor | Version | Tinstall | Tcheck | Ttotal | Status | Flags |
---|---|---|---|---|---|---|
r-devel-linux-x86_64-debian-clang | 1.0-1 | 5.91 | 492.40 | 498.31 | NOTE | |
r-devel-linux-x86_64-debian-gcc | 1.0-1 | 3.98 | 308.96 | 312.94 | NOTE | |
r-devel-linux-x86_64-fedora-clang | 1.0-1 | 76.08 | NOTE | |||
r-devel-linux-x86_64-fedora-gcc | 1.0-1 | 72.25 | NOTE | |||
r-devel-windows-x86_64 | 1.0-1 | 41.00 | 342.00 | 383.00 | NOTE | |
r-patched-linux-x86_64 | 1.0-1 | 7.53 | 451.28 | 458.81 | NOTE | |
r-release-linux-x86_64 | 1.0-1 | 5.52 | 461.33 | 466.85 | NOTE | |
r-release-macos-arm64 | 1.0-1 | 25.00 | NOTE | |||
r-release-macos-x86_64 | 1.0-1 | 45.00 | NOTE | |||
r-release-windows-x86_64 | 1.0-1 | 41.00 | 343.00 | 384.00 | NOTE | |
r-oldrel-macos-arm64 | 1.0-1 | 26.00 | NOTE | |||
r-oldrel-macos-x86_64 | 1.0-1 | 36.00 | NOTE | |||
r-oldrel-windows-x86_64 | 1.0-1 | 39.00 | 456.00 | 495.00 | NOTE |
Version: 1.0-1
Check: Rd files
Result: NOTE
checkRd: (-1) ROI_plugin_build_equality_constraints.Rd:27: Lost braces in \enumerate; meant \describe ?
checkRd: (-1) ROI_plugin_build_equality_constraints.Rd:28: Lost braces in \enumerate; meant \describe ?
checkRd: (-1) ROI_plugin_build_inequality_constraints.Rd:27: Lost braces in \enumerate; meant \describe ?
checkRd: (-1) ROI_plugin_build_inequality_constraints.Rd:28: Lost braces in \enumerate; meant \describe ?
checkRd: (-1) ROI_plugin_build_inequality_constraints.Rd:29: Lost braces in \enumerate; meant \describe ?
checkRd: (-1) ROI_solve.Rd:26: Lost braces in \itemize; \value handles \item{}{} directly
checkRd: (-1) ROI_solve.Rd:27: Lost braces in \itemize; \value handles \item{}{} directly
checkRd: (-1) ROI_solve.Rd:28-30: Lost braces in \itemize; \value handles \item{}{} directly
checkRd: (-1) ROI_solve.Rd:31: Lost braces in \itemize; \value handles \item{}{} directly
Flavors: r-devel-linux-x86_64-debian-clang, r-devel-linux-x86_64-debian-gcc, r-devel-linux-x86_64-fedora-clang, r-devel-linux-x86_64-fedora-gcc, r-devel-windows-x86_64, r-patched-linux-x86_64, r-release-linux-x86_64, r-release-macos-arm64, r-release-macos-x86_64, r-release-windows-x86_64, r-oldrel-macos-arm64, r-oldrel-macos-x86_64, r-oldrel-windows-x86_64