Last updated on 2025-05-07 05:50:40 CEST.
Flavor | Version | Tinstall | Tcheck | Ttotal | Status | Flags |
---|---|---|---|---|---|---|
r-devel-linux-x86_64-debian-clang | 2.56 | 9.43 | 102.80 | 112.23 | NOTE | |
r-devel-linux-x86_64-debian-gcc | 2.56 | 6.93 | 77.58 | 84.51 | NOTE | |
r-devel-windows-x86_64 | 2.56 | 11.00 | 173.00 | 184.00 | OK | |
r-patched-linux-x86_64 | 2.56 | 8.37 | 100.34 | 108.71 | NOTE | |
r-release-linux-x86_64 | 2.56 | 10.09 | 99.63 | 109.72 | NOTE | |
r-release-macos-arm64 | 2.56 | 81.00 | OK | |||
r-release-macos-x86_64 | 2.56 | 130.00 | OK | |||
r-release-windows-x86_64 | 2.56 | 11.00 | 172.00 | 183.00 | OK | |
r-oldrel-macos-arm64 | 2.56 | 77.00 | OK | |||
r-oldrel-macos-x86_64 | 2.56 | 208.00 | OK | |||
r-oldrel-windows-x86_64 | 2.56 | 14.00 | 184.00 | 198.00 | OK |
Version: 2.56
Check: for unstated dependencies in ‘demo’
Result: NOTE
'library' or 'require' call not declared from: ‘deconvolveR’
Flavors: r-devel-linux-x86_64-debian-clang, r-devel-linux-x86_64-debian-gcc, r-patched-linux-x86_64, r-release-linux-x86_64