CRAN Package Check Results for Package RCurl

Last updated on 2025-05-07 05:50:40 CEST.

Flavor Version Tinstall Tcheck Ttotal Status Flags
r-devel-linux-x86_64-debian-clang 1.98-1.17 19.54 45.78 65.32 OK
r-devel-linux-x86_64-debian-gcc 1.98-1.17 14.79 32.25 47.04 OK
r-devel-linux-x86_64-fedora-clang 1.98-1.17 99.15 OK
r-devel-linux-x86_64-fedora-gcc 1.98-1.17 97.89 OK
r-devel-windows-x86_64 1.98-1.17 37.00 198.00 235.00 OK
r-patched-linux-x86_64 1.98-1.17 18.03 43.87 61.90 OK
r-release-linux-x86_64 1.98-1.17 16.57 44.17 60.74 OK
r-release-macos-arm64 1.98-1.17 160.00 OK
r-release-macos-x86_64 1.98-1.17 187.00 OK
r-release-windows-x86_64 1.98-1.17 38.00 194.00 232.00 OK
r-oldrel-macos-arm64 1.98-1.17 189.00 NOTE
r-oldrel-macos-x86_64 1.98-1.17 227.00 NOTE
r-oldrel-windows-x86_64 1.98-1.17 38.00 197.00 235.00 NOTE

Additional issues

noLD

Check Details

Version: 1.98-1.17
Check: for GNU extensions in Makefiles
Result: NOTE GNU make is a SystemRequirements. Flavors: r-oldrel-macos-arm64, r-oldrel-macos-x86_64, r-oldrel-windows-x86_64

Version: 1.98-1.17
Check: installed package size
Result: NOTE installed size is 11.5Mb sub-directories of 1Mb or more: libs 9.6Mb Flavor: r-oldrel-windows-x86_64