Last updated on 2025-05-07 05:50:40 CEST.
Flavor | Version | Tinstall | Tcheck | Ttotal | Status | Flags |
---|---|---|---|---|---|---|
r-devel-linux-x86_64-debian-clang | 0.1.4 | 5.52 | 48.44 | 53.96 | OK | |
r-devel-linux-x86_64-debian-gcc | 0.1.4 | 3.46 | 35.51 | 38.97 | OK | |
r-devel-linux-x86_64-fedora-clang | 0.1.4 | 83.88 | OK | |||
r-devel-linux-x86_64-fedora-gcc | 0.1.4 | 91.85 | OK | |||
r-devel-windows-x86_64 | 0.1.4 | 8.00 | 62.00 | 70.00 | OK | |
r-patched-linux-x86_64 | 0.1.4 | 4.94 | 43.62 | 48.56 | OK | |
r-release-linux-x86_64 | 0.1.4 | 5.50 | 43.67 | 49.17 | OK | |
r-release-macos-arm64 | 0.1.4 | 36.00 | OK | |||
r-release-macos-x86_64 | 0.1.4 | 69.00 | OK | |||
r-release-windows-x86_64 | 0.1.4 | 7.00 | 62.00 | 69.00 | OK | |
r-oldrel-macos-arm64 | 0.1.4 | 37.00 | NOTE | |||
r-oldrel-macos-x86_64 | 0.1.4 | 66.00 | NOTE | |||
r-oldrel-windows-x86_64 | 0.1.4 | 10.00 | 74.00 | 84.00 | NOTE |
Version: 0.1.4
Check: LazyData
Result: NOTE
'LazyData' is specified without a 'data' directory
Flavors: r-oldrel-macos-arm64, r-oldrel-macos-x86_64, r-oldrel-windows-x86_64