CRAN Package Check Results for Package RAdwords

Last updated on 2025-10-12 05:50:07 CEST.

Flavor Version Tinstall Tcheck Ttotal Status Flags
r-devel-linux-x86_64-debian-clang 0.1.18 2.18 28.55 30.73 NOTE
r-devel-linux-x86_64-debian-gcc 0.1.18 1.85 22.93 24.78 NOTE
r-devel-linux-x86_64-fedora-clang 0.1.18 45.32 OK
r-devel-linux-x86_64-fedora-gcc 0.1.18 42.07 OK
r-devel-windows-x86_64 0.1.18 6.00 45.00 51.00 OK
r-patched-linux-x86_64 0.1.18 2.40 26.32 28.72 OK
r-release-linux-x86_64 0.1.18 2.46 26.23 28.69 OK
r-release-macos-arm64 0.1.18 17.00 OK
r-release-macos-x86_64 0.1.18 30.00 OK
r-release-windows-x86_64 0.1.18 6.00 48.00 54.00 OK
r-oldrel-macos-arm64 0.1.18 17.00 OK
r-oldrel-macos-x86_64 0.1.18 30.00 OK
r-oldrel-windows-x86_64 0.1.18 4.00 53.00 57.00 OK

Check Details

Version: 0.1.18
Check: CRAN incoming feasibility
Result: NOTE Maintainer: ‘Johannes Burkhardt <johannes.burkhardt@gmail.com>’ No Authors@R field in DESCRIPTION. Please add one, modifying Authors@R: c(person(given = "Johannes", family = "Burkhardt", role = c("aut", "cre"), email = "johannes.burkhardt@gmail.com"), person(given = "Matthias", family = "Bannert", role = "aut", email = "matthias.bannert@gmail.com")) as necessary. Flavors: r-devel-linux-x86_64-debian-clang, r-devel-linux-x86_64-debian-gcc