Last updated on 2025-10-12 05:50:07 CEST.
Flavor | Version | Tinstall | Tcheck | Ttotal | Status | Flags |
---|---|---|---|---|---|---|
r-devel-linux-x86_64-debian-clang | 1.1.20 | 41.57 | 36.09 | 77.66 | OK | |
r-devel-linux-x86_64-debian-gcc | 1.1.20 | 32.54 | 29.85 | 62.39 | OK | |
r-devel-linux-x86_64-fedora-clang | 1.1.20 | 133.91 | OK | |||
r-devel-linux-x86_64-fedora-gcc | 1.1.20 | 139.32 | OK | |||
r-devel-windows-x86_64 | 1.1.20 | 48.00 | 69.00 | 117.00 | OK | |
r-patched-linux-x86_64 | 1.1.20 | 47.73 | 37.92 | 85.65 | OK | |
r-release-linux-x86_64 | 1.1.20 | 46.65 | 37.65 | 84.30 | OK | |
r-release-macos-arm64 | 1.1.20 | 40.00 | OK | |||
r-release-macos-x86_64 | 1.1.20 | 67.00 | OK | |||
r-release-windows-x86_64 | 1.1.20 | 47.00 | 76.00 | 123.00 | OK | |
r-oldrel-macos-arm64 | 1.1.20 | 39.00 | NOTE | |||
r-oldrel-macos-x86_64 | 1.1.20 | 68.00 | NOTE | |||
r-oldrel-windows-x86_64 | 1.1.20 | 58.00 | 85.00 | 143.00 | OK |
Version: 1.1.20
Check: installed package size
Result: NOTE
installed size is 15.3Mb
sub-directories of 1Mb or more:
extra 1.4Mb
libs 13.1Mb
Flavors: r-oldrel-macos-arm64, r-oldrel-macos-x86_64