Last updated on 2025-11-06 05:50:07 CET.
| Flavor | Version | Tinstall | Tcheck | Ttotal | Status | Flags |
|---|---|---|---|---|---|---|
| r-devel-linux-x86_64-debian-clang | 1.0.1 | 5.34 | 39.38 | 44.72 | OK | |
| r-devel-linux-x86_64-debian-gcc | 1.0.1 | 3.40 | 28.23 | 31.63 | OK | |
| r-devel-linux-x86_64-fedora-clang | 1.0.1 | 12.00 | 56.21 | 68.21 | OK | |
| r-devel-linux-x86_64-fedora-gcc | 1.0.1 | 12.00 | 52.79 | 64.79 | OK | |
| r-devel-windows-x86_64 | 1.0.1 | 5.00 | 68.00 | 73.00 | OK | |
| r-patched-linux-x86_64 | 1.0.1 | 5.85 | 36.94 | 42.79 | OK | |
| r-release-linux-x86_64 | 1.0.1 | 5.02 | 37.03 | 42.05 | OK | |
| r-release-macos-arm64 | 1.0.1 | 3.00 | 28.00 | 31.00 | OK | |
| r-release-macos-x86_64 | 1.0.1 | 7.00 | 52.00 | 59.00 | OK | |
| r-release-windows-x86_64 | 1.0.1 | 5.00 | 60.00 | 65.00 | OK | |
| r-oldrel-macos-arm64 | 1.0.1 | 3.00 | 21.00 | 24.00 | NOTE | |
| r-oldrel-macos-x86_64 | 1.0.1 | 4.00 | 46.00 | 50.00 | NOTE | |
| r-oldrel-windows-x86_64 | 1.0.1 | 6.00 | 62.00 | 68.00 | NOTE |
Version: 1.0.1
Check: LazyData
Result: NOTE
'LazyData' is specified without a 'data' directory
Flavors: r-oldrel-macos-arm64, r-oldrel-macos-x86_64, r-oldrel-windows-x86_64