Last updated on 2025-10-12 05:50:07 CEST.
Flavor | Version | Tinstall | Tcheck | Ttotal | Status | Flags |
---|---|---|---|---|---|---|
r-devel-linux-x86_64-debian-clang | 1.0.0 | 1.78 | 22.19 | 23.97 | OK | |
r-devel-linux-x86_64-debian-gcc | 1.0.0 | 1.31 | 18.88 | 20.19 | OK | |
r-devel-linux-x86_64-fedora-clang | 1.0.0 | 36.41 | OK | |||
r-devel-linux-x86_64-fedora-gcc | 1.0.0 | 48.27 | OK | |||
r-devel-windows-x86_64 | 1.0.0 | 3.00 | 40.00 | 43.00 | OK | |
r-patched-linux-x86_64 | 1.0.0 | 1.73 | 21.19 | 22.92 | OK | |
r-release-linux-x86_64 | 1.0.0 | 1.59 | 21.09 | 22.68 | OK | |
r-release-macos-arm64 | 1.0.0 | 34.00 | OK | |||
r-release-macos-x86_64 | 1.0.0 | 61.00 | OK | |||
r-release-windows-x86_64 | 1.0.0 | 4.00 | 41.00 | 45.00 | OK | |
r-oldrel-macos-arm64 | 1.0.0 | 26.00 | NOTE | |||
r-oldrel-macos-x86_64 | 1.0.0 | 32.00 | NOTE | |||
r-oldrel-windows-x86_64 | 1.0.0 | 4.00 | 46.00 | 50.00 | NOTE |
Version: 1.0.0
Check: LazyData
Result: NOTE
'LazyData' is specified without a 'data' directory
Flavors: r-oldrel-macos-arm64, r-oldrel-macos-x86_64, r-oldrel-windows-x86_64