CRAN Package Check Results for Package PooledMeanGroup

Last updated on 2025-07-14 05:48:34 CEST.

Flavor Version Tinstall Tcheck Ttotal Status Flags
r-devel-linux-x86_64-debian-clang 1.0 2.38 30.46 32.84 NOTE
r-devel-linux-x86_64-debian-gcc 1.0 1.66 22.27 23.93 NOTE
r-devel-linux-x86_64-fedora-clang 1.0 48.87 OK
r-devel-linux-x86_64-fedora-gcc 1.0 46.45 OK
r-devel-windows-x86_64 1.0 3.00 46.00 49.00 OK
r-patched-linux-x86_64 1.0 2.62 28.43 31.05 OK
r-release-linux-x86_64 1.0 2.18 28.09 30.27 OK
r-release-macos-arm64 1.0 19.00 OK
r-release-macos-x86_64 1.0 34.00 OK
r-release-windows-x86_64 1.0 4.00 46.00 50.00 OK
r-oldrel-macos-arm64 1.0 18.00 OK
r-oldrel-macos-x86_64 1.0 31.00 OK
r-oldrel-windows-x86_64 1.0 4.00 45.00 49.00 OK

Check Details

Version: 1.0
Check: CRAN incoming feasibility
Result: NOTE Maintainer: ‘Lech Kujawski <lech.kujawski@ug.edu.pl>’ Found the following \keyword or \concept entries which likely give several index terms: File ‘PooledMeanGroup-package.Rd’: \keyword{package, PMG, pooled mean group, dynamic [TRUNCATED] Flavors: r-devel-linux-x86_64-debian-clang, r-devel-linux-x86_64-debian-gcc