Last updated on 2025-05-08 05:51:57 CEST.
Flavor | Version | Tinstall | Tcheck | Ttotal | Status | Flags |
---|---|---|---|---|---|---|
r-devel-linux-x86_64-debian-clang | 2.1 | 35.78 | 63.14 | 98.92 | NOTE | |
r-devel-linux-x86_64-debian-gcc | 2.1 | 23.16 | 46.40 | 69.56 | NOTE | |
r-devel-linux-x86_64-fedora-clang | 2.1 | 161.32 | OK | |||
r-devel-linux-x86_64-fedora-gcc | 2.1 | 161.88 | OK | |||
r-devel-windows-x86_64 | 2.1 | 36.00 | 102.00 | 138.00 | OK | |
r-patched-linux-x86_64 | 2.1 | 33.62 | 59.86 | 93.48 | OK | |
r-release-linux-x86_64 | 2.1 | 31.78 | 60.91 | 92.69 | OK | |
r-release-macos-arm64 | 2.1 | 49.00 | OK | |||
r-release-macos-x86_64 | 2.1 | 91.00 | OK | |||
r-release-windows-x86_64 | 2.1 | 36.00 | 105.00 | 141.00 | OK | |
r-oldrel-macos-arm64 | 2.1 | 45.00 | NOTE | |||
r-oldrel-macos-x86_64 | 2.1 | 75.00 | NOTE | |||
r-oldrel-windows-x86_64 | 2.1 | 44.00 | 124.00 | 168.00 | NOTE |
Version: 2.1
Check: CRAN incoming feasibility
Result: NOTE
Maintainer: ‘Andrew G Chapple <achapp@lsuhsc.edu>’
No Authors@R field in DESCRIPTION.
Please add one, modifying
Authors@R: person(given = c("Andrew", "G"),
family = "Chapple",
role = c("aut", "cre"),
email = "achapp@lsuhsc.edu")
as necessary.
Flavors: r-devel-linux-x86_64-debian-clang, r-devel-linux-x86_64-debian-gcc
Version: 2.1
Check: LazyData
Result: NOTE
'LazyData' is specified without a 'data' directory
Flavors: r-oldrel-macos-arm64, r-oldrel-macos-x86_64, r-oldrel-windows-x86_64