CRAN Package Check Results for Package PLmixed

Last updated on 2025-05-07 05:50:38 CEST.

Flavor Version Tinstall Tcheck Ttotal Status Flags
r-devel-linux-x86_64-debian-clang 0.1.7 9.17 305.89 315.06 NOTE
r-devel-linux-x86_64-debian-gcc 0.1.7 6.49 228.17 234.66 NOTE
r-devel-linux-x86_64-fedora-clang 0.1.7 515.54 OK
r-devel-linux-x86_64-fedora-gcc 0.1.7 552.40 OK
r-devel-windows-x86_64 0.1.7 11.00 104.00 115.00 NOTE --no-vignettes
r-patched-linux-x86_64 0.1.7 7.76 313.31 321.07 NOTE
r-release-linux-x86_64 0.1.7 8.40 311.91 320.31 NOTE
r-release-macos-arm64 0.1.7 201.00 OK
r-release-macos-x86_64 0.1.7 390.00 OK
r-release-windows-x86_64 0.1.7 12.00 106.00 118.00 NOTE --no-vignettes
r-oldrel-macos-arm64 0.1.7 169.00 OK
r-oldrel-macos-x86_64 0.1.7 251.00 OK
r-oldrel-windows-x86_64 0.1.7 20.00 110.00 130.00 OK --no-vignettes

Check Details

Version: 0.1.7
Check: Rd cross-references
Result: NOTE Found the following Rd file(s) with Rd \link{} targets missing package anchors: PLmixed-package.Rd: lme4, optimx PLmixed.Rd: lme4, glmer, optimx, lmerControl, glmerControl, lmer coef.PLmod.Rd: coef.merMod fitted.PLmod.Rd: fitted.merMod fixef.PLmod.Rd: fixef.merMod plot.PLmod.Rd: plot.merMod predict.PLmod.Rd: predict.merMod ranef.PLmod.Rd: ranef.merMod residuals.PLmod.Rd: residuals.merMod simulate.PLmod.Rd: simulate.merMod Please provide package anchors for all Rd \link{} targets not in the package itself and the base packages. Flavors: r-devel-linux-x86_64-debian-clang, r-devel-linux-x86_64-debian-gcc, r-patched-linux-x86_64, r-release-linux-x86_64

Version: 0.1.7
Flags: --no-vignettes
Check: Rd cross-references
Result: NOTE Found the following Rd file(s) with Rd \link{} targets missing package anchors: PLmixed-package.Rd: lme4, optimx PLmixed.Rd: lme4, glmer, optimx, lmerControl, glmerControl, lmer coef.PLmod.Rd: coef.merMod fitted.PLmod.Rd: fitted.merMod fixef.PLmod.Rd: fixef.merMod plot.PLmod.Rd: plot.merMod predict.PLmod.Rd: predict.merMod ranef.PLmod.Rd: ranef.merMod residuals.PLmod.Rd: residuals.merMod simulate.PLmod.Rd: simulate.merMod Please provide package anchors for all Rd \link{} targets not in the package itself and the base packages. Flavors: r-devel-windows-x86_64, r-release-windows-x86_64