Last updated on 2025-05-08 05:51:55 CEST.
Flavor | Version | Tinstall | Tcheck | Ttotal | Status | Flags |
---|---|---|---|---|---|---|
r-devel-linux-x86_64-debian-clang | 1.1 | 9.67 | 84.81 | 94.48 | NOTE | |
r-devel-linux-x86_64-debian-gcc | 1.1 | 7.25 | 59.29 | 66.54 | NOTE | |
r-devel-linux-x86_64-fedora-clang | 1.1 | 139.74 | OK | |||
r-devel-linux-x86_64-fedora-gcc | 1.1 | 144.39 | OK | |||
r-devel-windows-x86_64 | 1.1 | 11.00 | 86.00 | 97.00 | OK | |
r-patched-linux-x86_64 | 1.1 | 9.79 | 79.73 | 89.52 | OK | |
r-release-linux-x86_64 | 1.1 | 7.99 | 80.62 | 88.61 | OK | |
r-release-macos-arm64 | 1.1 | 38.00 | OK | |||
r-release-macos-x86_64 | 1.1 | 69.00 | OK | |||
r-release-windows-x86_64 | 1.1 | 10.00 | 86.00 | 96.00 | OK | |
r-oldrel-macos-arm64 | 1.1 | 36.00 | OK | |||
r-oldrel-macos-x86_64 | 1.1 | 59.00 | OK | |||
r-oldrel-windows-x86_64 | 1.1 | 13.00 | 110.00 | 123.00 | OK |
Version: 1.1
Check: CRAN incoming feasibility
Result: NOTE
Maintainer: ‘Yikai Wang <johnzon.wyk@gmail.com>’
No Authors@R field in DESCRIPTION.
Please add one, modifying
Authors@R: c(person(given = "Yikai",
family = "Wang",
role = c("aut", "cre"),
email = "johnzon.wyk@gmail.com"),
person(given = "Xiao",
family = "Wang",
role = "aut"))
as necessary.
Flavors: r-devel-linux-x86_64-debian-clang, r-devel-linux-x86_64-debian-gcc