Last updated on 2025-05-08 05:51:55 CEST.
Flavor | Version | Tinstall | Tcheck | Ttotal | Status | Flags |
---|---|---|---|---|---|---|
r-devel-linux-x86_64-debian-clang | 3.3 | 4.06 | 41.38 | 45.44 | NOTE | |
r-devel-linux-x86_64-debian-gcc | 3.3 | 3.14 | 31.47 | 34.61 | NOTE | |
r-devel-linux-x86_64-fedora-clang | 3.3 | 71.84 | NOTE | |||
r-devel-linux-x86_64-fedora-gcc | 3.3 | 71.35 | NOTE | |||
r-devel-windows-x86_64 | 3.3 | 7.00 | 70.00 | 77.00 | NOTE | |
r-patched-linux-x86_64 | 3.3 | 6.31 | 39.86 | 46.17 | NOTE | |
r-release-linux-x86_64 | 3.3 | 4.28 | 39.92 | 44.20 | NOTE | |
r-release-macos-arm64 | 3.3 | 43.00 | NOTE | |||
r-release-macos-x86_64 | 3.3 | 42.00 | NOTE | |||
r-release-windows-x86_64 | 3.3 | 8.00 | 74.00 | 82.00 | NOTE | |
r-oldrel-macos-arm64 | 3.3 | 26.00 | NOTE | |||
r-oldrel-macos-x86_64 | 3.3 | 36.00 | NOTE | |||
r-oldrel-windows-x86_64 | 3.3 | 9.00 | 81.00 | 90.00 | NOTE |
Version: 3.3
Check: CRAN incoming feasibility
Result: NOTE
Maintainer: ‘Ana C. Cebrian <acebrian@unizar.es>’
No Authors@R field in DESCRIPTION.
Please add one, modifying
Authors@R: person(given = c("Ana", "C."),
family = "Cebrian",
role = c("aut", "cre"),
email = "acebrian@unizar.es")
as necessary.
Flavors: r-devel-linux-x86_64-debian-clang, r-devel-linux-x86_64-debian-gcc
Version: 3.3
Check: Rd files
Result: NOTE
checkRd: (-1) graphresU.fun.Rd:72: Escaped LaTeX specials: \&
Flavors: r-devel-linux-x86_64-debian-clang, r-devel-linux-x86_64-debian-gcc, r-devel-linux-x86_64-fedora-clang, r-devel-linux-x86_64-fedora-gcc, r-devel-windows-x86_64, r-patched-linux-x86_64, r-release-linux-x86_64, r-release-macos-arm64, r-release-macos-x86_64, r-release-windows-x86_64, r-oldrel-macos-arm64, r-oldrel-macos-x86_64, r-oldrel-windows-x86_64