Last updated on 2025-05-07 05:50:35 CEST.
Flavor | Version | Tinstall | Tcheck | Ttotal | Status | Flags |
---|---|---|---|---|---|---|
r-devel-linux-x86_64-debian-clang | 0.7.2 | 5.56 | 83.79 | 89.35 | NOTE | |
r-devel-linux-x86_64-debian-gcc | 0.7.2 | 4.25 | 57.65 | 61.90 | NOTE | |
r-devel-linux-x86_64-fedora-clang | 0.7.2 | 139.29 | NOTE | |||
r-devel-linux-x86_64-fedora-gcc | 0.7.2 | 153.68 | NOTE | |||
r-devel-windows-x86_64 | 0.7.2 | 8.00 | 97.00 | 105.00 | NOTE | |
r-patched-linux-x86_64 | 0.7.2 | 5.28 | 79.22 | 84.50 | NOTE | |
r-release-linux-x86_64 | 0.7.2 | 4.80 | 78.88 | 83.68 | NOTE | |
r-release-macos-arm64 | 0.7.2 | 67.00 | NOTE | |||
r-release-macos-x86_64 | 0.7.2 | 109.00 | NOTE | |||
r-release-windows-x86_64 | 0.7.2 | 7.00 | 95.00 | 102.00 | NOTE | |
r-oldrel-macos-arm64 | 0.7.2 | 52.00 | NOTE | |||
r-oldrel-macos-x86_64 | 0.7.2 | 95.00 | NOTE | |||
r-oldrel-windows-x86_64 | 0.7.2 | 9.00 | 125.00 | 134.00 | NOTE |
Version: 0.7.2
Check: Rd files
Result: NOTE
checkRd: (-1) mma.Rd:67: Escaped LaTeX specials: \&
Flavors: r-devel-linux-x86_64-debian-clang, r-devel-linux-x86_64-debian-gcc, r-devel-linux-x86_64-fedora-clang, r-devel-linux-x86_64-fedora-gcc, r-devel-windows-x86_64, r-patched-linux-x86_64, r-release-linux-x86_64, r-release-macos-arm64, r-release-macos-x86_64, r-release-windows-x86_64, r-oldrel-macos-arm64, r-oldrel-macos-x86_64, r-oldrel-windows-x86_64