CRAN Package Check Results for Package ManyTests

Last updated on 2025-11-06 05:50:02 CET.

Flavor Version Tinstall Tcheck Ttotal Status Flags
r-devel-linux-x86_64-debian-clang 1.2 1.56 18.44 20.00 NOTE
r-devel-linux-x86_64-debian-gcc 1.2 1.39 15.49 16.88 NOTE
r-devel-linux-x86_64-fedora-clang 1.2 29.57 OK
r-devel-linux-x86_64-fedora-gcc 1.2 28.32 OK
r-devel-windows-x86_64 1.2 3.00 34.00 37.00 OK
r-patched-linux-x86_64 1.2 1.68 17.36 19.04 OK
r-release-linux-x86_64 1.2 1.55 17.34 18.89 OK
r-release-macos-arm64 1.2 1.00 14.00 15.00 OK
r-release-macos-x86_64 1.2 2.00 19.00 21.00 OK
r-release-windows-x86_64 1.2 2.00 33.00 35.00 OK
r-oldrel-macos-arm64 1.2 1.00 13.00 14.00 OK
r-oldrel-macos-x86_64 1.2 2.00 17.00 19.00 OK
r-oldrel-windows-x86_64 1.2 4.00 34.00 38.00 OK

Check Details

Version: 1.2
Check: CRAN incoming feasibility
Result: NOTE Maintainer: ‘Christiana Kartsonaki <christiana.kartsonaki@gmail.com>’ No Authors@R field in DESCRIPTION. Please add one, modifying Authors@R: person(given = "Christiana", family = "Kartsonaki", role = c("aut", "cre"), email = "christiana.kartsonaki@gmail.com") as necessary. Flavors: r-devel-linux-x86_64-debian-clang, r-devel-linux-x86_64-debian-gcc