Last updated on 2025-05-08 05:51:55 CEST.
Flavor | Version | Tinstall | Tcheck | Ttotal | Status | Flags |
---|---|---|---|---|---|---|
r-devel-linux-x86_64-debian-clang | 1.0.0 | 3.36 | 31.41 | 34.77 | NOTE | |
r-devel-linux-x86_64-debian-gcc | 1.0.0 | 1.86 | 23.94 | 25.80 | NOTE | |
r-devel-linux-x86_64-fedora-clang | 1.0.0 | 53.55 | OK | |||
r-devel-linux-x86_64-fedora-gcc | 1.0.0 | 53.94 | OK | |||
r-devel-windows-x86_64 | 1.0.0 | 5.00 | 51.00 | 56.00 | NOTE | |
r-patched-linux-x86_64 | 1.0.0 | 3.17 | 29.78 | 32.95 | NOTE | |
r-release-linux-x86_64 | 1.0.0 | 2.88 | 29.60 | 32.48 | NOTE | |
r-release-macos-arm64 | 1.0.0 | 22.00 | OK | |||
r-release-macos-x86_64 | 1.0.0 | 33.00 | OK | |||
r-release-windows-x86_64 | 1.0.0 | 4.00 | 54.00 | 58.00 | NOTE | |
r-oldrel-macos-arm64 | 1.0.0 | 22.00 | OK | |||
r-oldrel-macos-x86_64 | 1.0.0 | 29.00 | OK | |||
r-oldrel-windows-x86_64 | 1.0.0 | 5.00 | 58.00 | 63.00 | OK |
Version: 1.0.0
Check: CRAN incoming feasibility
Result: NOTE
Maintainer: ‘Elizabeth Allman <e.allman@alaska.edu>’
The Description field contains
<arXiv:1908.01424>.
Please refer to arXiv e-prints via their arXiv DOI <doi:10.48550/arXiv.YYMM.NNNNN>.
Flavors: r-devel-linux-x86_64-debian-clang, r-devel-linux-x86_64-debian-gcc
Version: 1.0.0
Check: Rd cross-references
Result: NOTE
Found the following Rd file(s) with Rd \link{} targets missing package
anchors:
ADtest.Rd: kSamples-package
Please provide package anchors for all Rd \link{} targets not in the
package itself and the base packages.
Flavors: r-devel-linux-x86_64-debian-clang, r-devel-linux-x86_64-debian-gcc, r-devel-windows-x86_64, r-patched-linux-x86_64, r-release-linux-x86_64, r-release-windows-x86_64