CRAN Package Check Results for Package MRPC

Last updated on 2025-05-07 05:50:36 CEST.

Flavor Version Tinstall Tcheck Ttotal Status Flags
r-devel-linux-x86_64-debian-clang 3.1.0 40.61 278.44 319.05 NOTE
r-devel-linux-x86_64-debian-gcc 3.1.0 29.20 198.78 227.98 NOTE
r-devel-linux-x86_64-fedora-clang 3.1.0 529.36 OK
r-devel-linux-x86_64-fedora-gcc 3.1.0 490.67 OK
r-devel-windows-x86_64 3.1.0 42.00 249.00 291.00 NOTE
r-patched-linux-x86_64 3.1.0 38.08 262.71 300.79 NOTE
r-release-linux-x86_64 3.1.0 37.82 258.04 295.86 NOTE
r-release-macos-arm64 3.1.0 161.00 OK
r-release-macos-x86_64 3.1.0 269.00 OK
r-release-windows-x86_64 3.1.0 41.00 256.00 297.00 NOTE
r-oldrel-macos-arm64 3.1.0 128.00 OK
r-oldrel-macos-x86_64 3.1.0 184.00 OK
r-oldrel-windows-x86_64 3.1.0 55.00 328.00 383.00 OK

Check Details

Version: 3.1.0
Check: CRAN incoming feasibility
Result: NOTE Maintainer: ‘Audrey Fu <audreyqyfu@gmail.com>’ No Authors@R field in DESCRIPTION. Please add one, modifying Authors@R: c(person(given = c("Md", "Bahadur"), family = "Badsha", role = "ctb"), person(given = c("Audrey", "Qiuyan"), family = "Fu", role = "aut"), person(given = "Audrey", family = "Fu", role = "cre", email = "audreyqyfu@gmail.com")) as necessary. Flavors: r-devel-linux-x86_64-debian-clang, r-devel-linux-x86_64-debian-gcc

Version: 3.1.0
Check: Rd cross-references
Result: NOTE Found the following Rd file(s) with Rd \link{} targets missing package anchors: CompareMethodsNodeOrdering.Rd: pc, pc.stable, mmpc, mmhc, hc CompareMethodsVStructure.Rd: pc, pc.stable, mmpc, mmhc, hc CutModules.Rd: cut2 EdgeOrientation.Rd: graph-class MRPC.Rd: pc, ci.test, gaussCItest, graph-class MRPCclass.Rd: pcAlgo-class, skeleton, pc, graph-class ModiSkeleton.Rd: skeleton, pc, ci.test, graph-class PlotDendrogram.Rd: plotDendroAndColors PlotGraphWithModules.Rd: ggnet2 data_with_outliers.Rd: pc, pc.stable, mmpc, mmhc, hc data_without_outliers.Rd: pc, pc.stable, mmpc, mmhc, hc Please provide package anchors for all Rd \link{} targets not in the package itself and the base packages. Flavors: r-devel-linux-x86_64-debian-clang, r-devel-linux-x86_64-debian-gcc, r-devel-windows-x86_64, r-patched-linux-x86_64, r-release-linux-x86_64, r-release-windows-x86_64