Last updated on 2025-05-08 05:51:54 CEST.
Flavor | Version | Tinstall | Tcheck | Ttotal | Status | Flags |
---|---|---|---|---|---|---|
r-devel-linux-x86_64-debian-clang | 1.1.0 | 18.93 | 29.90 | 48.83 | NOTE | |
r-devel-linux-x86_64-debian-gcc | 1.1.0 | 14.00 | 23.96 | 37.96 | NOTE | |
r-devel-linux-x86_64-fedora-clang | 1.1.0 | 89.22 | OK | |||
r-devel-linux-x86_64-fedora-gcc | 1.1.0 | 82.80 | OK | |||
r-devel-windows-x86_64 | 1.1.0 | 26.00 | 66.00 | 92.00 | OK | |
r-patched-linux-x86_64 | 1.1.0 | 18.79 | 28.92 | 47.71 | OK | |
r-release-linux-x86_64 | 1.1.0 | 18.09 | 28.75 | 46.84 | OK | |
r-release-macos-arm64 | 1.1.0 | 29.00 | OK | |||
r-release-macos-x86_64 | 1.1.0 | 47.00 | OK | |||
r-release-windows-x86_64 | 1.1.0 | 29.00 | 69.00 | 98.00 | OK | |
r-oldrel-macos-arm64 | 1.1.0 | 25.00 | OK | |||
r-oldrel-macos-x86_64 | 1.1.0 | 37.00 | OK | |||
r-oldrel-windows-x86_64 | 1.1.0 | 32.00 | 78.00 | 110.00 | OK |
Version: 1.1.0
Check: CRAN incoming feasibility
Result: NOTE
Maintainer: ‘Matthieu Marbac <matthieu.marbac-lourdelle@ensai.fr>’
The Description field contains
(2020) <arXiv:2009.07662>.
Please refer to arXiv e-prints via their arXiv DOI <doi:10.48550/arXiv.YYMM.NNNNN>.
Flavors: r-devel-linux-x86_64-debian-clang, r-devel-linux-x86_64-debian-gcc