CRAN Package Check Results for Package MMD

Last updated on 2025-05-07 05:50:36 CEST.

Flavor Version Tinstall Tcheck Ttotal Status Flags
r-devel-linux-x86_64-debian-clang 1.0.0 2.11 57.15 59.26 NOTE
r-devel-linux-x86_64-debian-gcc 1.0.0 2.00 37.71 39.71 NOTE
r-devel-linux-x86_64-fedora-clang 1.0.0 94.55 NOTE
r-devel-linux-x86_64-fedora-gcc 1.0.0 106.83 NOTE
r-devel-windows-x86_64 1.0.0 4.00 68.00 72.00 NOTE
r-patched-linux-x86_64 1.0.0 3.06 54.84 57.90 NOTE
r-release-linux-x86_64 1.0.0 2.94 54.42 57.36 NOTE
r-release-macos-arm64 1.0.0 35.00 NOTE
r-release-macos-x86_64 1.0.0 63.00 NOTE
r-release-windows-x86_64 1.0.0 4.00 69.00 73.00 NOTE
r-oldrel-macos-arm64 1.0.0 33.00 NOTE
r-oldrel-macos-x86_64 1.0.0 51.00 NOTE
r-oldrel-windows-x86_64 1.0.0 5.00 88.00 93.00 NOTE

Check Details

Version: 1.0.0
Check: Rd files
Result: NOTE checkRd: (-1) MMD_attr.Rd:62: Lost braces; missing escapes or markup? 62 | \item Probability of attribution of each unknown individual to each source $p_{u,s}$ | ^ Flavors: r-devel-linux-x86_64-debian-clang, r-devel-linux-x86_64-debian-gcc, r-devel-linux-x86_64-fedora-clang, r-devel-linux-x86_64-fedora-gcc, r-devel-windows-x86_64, r-patched-linux-x86_64, r-release-linux-x86_64, r-release-macos-arm64, r-release-macos-x86_64, r-release-windows-x86_64, r-oldrel-macos-arm64, r-oldrel-macos-x86_64, r-oldrel-windows-x86_64

Version: 1.0.0
Check: LazyData
Result: NOTE 'LazyData' is specified without a 'data' directory Flavors: r-oldrel-macos-arm64, r-oldrel-macos-x86_64, r-oldrel-windows-x86_64