Last updated on 2025-05-07 05:50:35 CEST.
Flavor | Version | Tinstall | Tcheck | Ttotal | Status | Flags |
---|---|---|---|---|---|---|
r-devel-linux-x86_64-debian-clang | 0.5 | 31.10 | 59.81 | 90.91 | OK | |
r-devel-linux-x86_64-debian-gcc | 0.5 | 26.47 | 43.86 | 70.33 | OK | |
r-devel-linux-x86_64-fedora-clang | 0.5 | 151.40 | OK | |||
r-devel-linux-x86_64-fedora-gcc | 0.5 | 166.83 | OK | |||
r-devel-windows-x86_64 | 0.5 | 42.00 | 95.00 | 137.00 | OK | |
r-patched-linux-x86_64 | 0.5 | 36.93 | 58.84 | 95.77 | OK | |
r-release-linux-x86_64 | 0.5 | 35.60 | 57.31 | 92.91 | OK | |
r-release-macos-arm64 | 0.5 | 51.00 | OK | |||
r-release-macos-x86_64 | 0.5 | 92.00 | OK | |||
r-release-windows-x86_64 | 0.5 | 40.00 | 100.00 | 140.00 | OK | |
r-oldrel-macos-arm64 | 0.5 | 45.00 | NOTE | |||
r-oldrel-macos-x86_64 | 0.5 | 67.00 | NOTE | |||
r-oldrel-windows-x86_64 | 0.5 | 46.00 | 120.00 | 166.00 | OK |
Version: 0.5
Check: installed package size
Result: NOTE
installed size is 5.9Mb
sub-directories of 1Mb or more:
libs 5.4Mb
Flavors: r-oldrel-macos-arm64, r-oldrel-macos-x86_64