Last updated on 2025-05-08 05:51:53 CEST.
Flavor | Version | Tinstall | Tcheck | Ttotal | Status | Flags |
---|---|---|---|---|---|---|
r-devel-linux-x86_64-debian-clang | 2.6.1 | 7.47 | 60.76 | 68.23 | NOTE | |
r-devel-linux-x86_64-debian-gcc | 2.6.1 | 4.47 | 42.83 | 47.30 | NOTE | |
r-devel-linux-x86_64-fedora-clang | 2.6.1 | 96.76 | NOTE | |||
r-devel-linux-x86_64-fedora-gcc | 2.6.1 | 100.38 | NOTE | |||
r-devel-windows-x86_64 | 2.6.1 | 8.00 | 70.00 | 78.00 | NOTE | |
r-patched-linux-x86_64 | 2.6.1 | 7.96 | 57.15 | 65.11 | NOTE | |
r-release-linux-x86_64 | 2.6.1 | 7.32 | 56.56 | 63.88 | NOTE | |
r-release-macos-arm64 | 2.6.1 | 28.00 | NOTE | |||
r-release-macos-x86_64 | 2.6.1 | 56.00 | NOTE | |||
r-release-windows-x86_64 | 2.6.1 | 9.00 | 73.00 | 82.00 | NOTE | |
r-oldrel-macos-arm64 | 2.6.1 | 29.00 | NOTE | |||
r-oldrel-macos-x86_64 | 2.6.1 | 46.00 | NOTE | |||
r-oldrel-windows-x86_64 | 2.6.1 | 11.00 | 90.00 | 101.00 | NOTE |
Version: 2.6.1
Check: CRAN incoming feasibility
Result: NOTE
Maintainer: ‘Rosaria Lombardo <rosaria.lombardo@unicampania.it>’
No Authors@R field in DESCRIPTION.
Please add one, modifying
Authors@R: c(person(given = "Rosaria",
family = "Lombardo",
role = c("aut", "cre"),
email = "rosaria.lombardo@unicampania.it"),
person(given = c("Eric", "J"),
family = "Beh",
role = "aut"))
as necessary.
Flavors: r-devel-linux-x86_64-debian-clang, r-devel-linux-x86_64-debian-gcc
Version: 2.6.1
Check: Rd files
Result: NOTE
checkRd: (-1) satisfaction.Rd:28: Lost braces
28 | Della Valle E (2010) Della Valle E 2010 Analisi Multidimensionale dei Dati: la Qualit\'{a} del Lavoro nelle Cooperative Sociali.
| ^
checkRd: (-1) satisfaction.Rd:29: Lost braces
29 | Unpublished thesis, Seconda Universit\'{a} degli Studi di Napoli, Capua Italy.
| ^
Flavors: r-devel-linux-x86_64-debian-clang, r-devel-linux-x86_64-debian-gcc, r-devel-linux-x86_64-fedora-clang, r-devel-linux-x86_64-fedora-gcc, r-devel-windows-x86_64, r-patched-linux-x86_64, r-release-linux-x86_64, r-release-macos-arm64, r-release-macos-x86_64, r-release-windows-x86_64, r-oldrel-macos-arm64, r-oldrel-macos-x86_64, r-oldrel-windows-x86_64