Last updated on 2025-11-06 05:50:02 CET.
| Flavor | Version | Tinstall | Tcheck | Ttotal | Status | Flags |
|---|---|---|---|---|---|---|
| r-devel-linux-x86_64-debian-clang | 1.4 | 1.49 | 20.79 | 22.28 | NOTE | |
| r-devel-linux-x86_64-debian-gcc | 1.4 | 1.26 | 17.44 | 18.70 | NOTE | |
| r-devel-linux-x86_64-fedora-clang | 1.4 | 35.20 | OK | |||
| r-devel-linux-x86_64-fedora-gcc | 1.4 | 31.29 | OK | |||
| r-devel-windows-x86_64 | 1.4 | 3.00 | 34.00 | 37.00 | OK | |
| r-patched-linux-x86_64 | 1.4 | 1.69 | 20.06 | 21.75 | OK | |
| r-release-linux-x86_64 | 1.4 | 1.35 | 19.90 | 21.25 | OK | |
| r-release-macos-arm64 | 1.4 | 1.00 | 14.00 | 15.00 | OK | |
| r-release-macos-x86_64 | 1.4 | 2.00 | 21.00 | 23.00 | OK | |
| r-release-windows-x86_64 | 1.4 | 3.00 | 34.00 | 37.00 | OK | |
| r-oldrel-macos-arm64 | 1.4 | 1.00 | 14.00 | 15.00 | OK | |
| r-oldrel-macos-x86_64 | 1.4 | 1.00 | 20.00 | 21.00 | OK | |
| r-oldrel-windows-x86_64 | 1.4 | 3.00 | 37.00 | 40.00 | OK |
Version: 1.4
Check: CRAN incoming feasibility
Result: NOTE
Maintainer: ‘Tao Wang <tao.wang@utsouthwestern.edu>’
No Authors@R field in DESCRIPTION.
Please add one, modifying
Authors@R: c(person(given = "Tao",
family = "Wang",
role = c("aut", "cre"),
email = "tao.wang@utsouthwestern.edu"),
person(given = "Chongzhi",
family = "Zang",
role = "aut"))
as necessary.
Flavors: r-devel-linux-x86_64-debian-clang, r-devel-linux-x86_64-debian-gcc