Last updated on 2025-10-12 05:50:02 CEST.
Flavor | Version | Tinstall | Tcheck | Ttotal | Status | Flags |
---|---|---|---|---|---|---|
r-devel-linux-x86_64-debian-clang | 0.1.4 | 6.76 | 75.37 | 82.13 | NOTE | |
r-devel-linux-x86_64-debian-gcc | 0.1.4 | 4.84 | 52.87 | 57.71 | NOTE | |
r-devel-linux-x86_64-fedora-clang | 0.1.4 | 123.36 | NOTE | |||
r-devel-linux-x86_64-fedora-gcc | 0.1.4 | 132.68 | NOTE | |||
r-devel-windows-x86_64 | 0.1.4 | 9.00 | 84.00 | 93.00 | NOTE | |
r-patched-linux-x86_64 | 0.1.4 | 5.99 | 68.73 | 74.72 | NOTE | |
r-release-linux-x86_64 | 0.1.4 | 7.65 | 68.79 | 76.44 | NOTE | |
r-release-macos-arm64 | 0.1.4 | 45.00 | NOTE | |||
r-release-macos-x86_64 | 0.1.4 | 105.00 | NOTE | |||
r-release-windows-x86_64 | 0.1.4 | 9.00 | 84.00 | 93.00 | NOTE | |
r-oldrel-macos-arm64 | 0.1.4 | 52.00 | OK | |||
r-oldrel-macos-x86_64 | 0.1.4 | 142.00 | OK | |||
r-oldrel-windows-x86_64 | 0.1.4 | 13.00 | 105.00 | 118.00 | OK |
Version: 0.1.4
Check: DESCRIPTION meta-information
Result: NOTE
Missing dependency on R >= 4.1.0 because package code uses the pipe
|> or function shorthand \(...) syntax added in R 4.1.0.
File(s) using such syntax:
‘smr_custom.R’ ‘smr_major.R’ ‘smr_minor.R’
Flavors: r-devel-linux-x86_64-debian-clang, r-devel-linux-x86_64-debian-gcc, r-devel-linux-x86_64-fedora-clang, r-devel-linux-x86_64-fedora-gcc, r-devel-windows-x86_64, r-patched-linux-x86_64, r-release-linux-x86_64, r-release-macos-arm64, r-release-macos-x86_64, r-release-windows-x86_64