Last updated on 2025-05-08 05:51:52 CEST.
Flavor | Version | Tinstall | Tcheck | Ttotal | Status | Flags |
---|---|---|---|---|---|---|
r-devel-linux-x86_64-debian-clang | 0.4.14 | 18.19 | 30.52 | 48.71 | NOTE | |
r-devel-linux-x86_64-debian-gcc | 0.4.14 | 13.67 | 24.58 | 38.25 | NOTE | |
r-devel-linux-x86_64-fedora-clang | 0.4.14 | 92.98 | OK | |||
r-devel-linux-x86_64-fedora-gcc | 0.4.14 | 94.40 | OK | |||
r-devel-windows-x86_64 | 0.4.14 | 23.00 | 61.00 | 84.00 | OK | |
r-patched-linux-x86_64 | 0.4.14 | 18.01 | 30.01 | 48.02 | OK | |
r-release-linux-x86_64 | 0.4.14 | 19.29 | 29.55 | 48.84 | OK | |
r-release-macos-arm64 | 0.4.14 | 31.00 | OK | |||
r-release-macos-x86_64 | 0.4.14 | 50.00 | OK | |||
r-release-windows-x86_64 | 0.4.14 | 24.00 | 61.00 | 85.00 | OK | |
r-oldrel-macos-arm64 | 0.4.14 | 30.00 | OK | |||
r-oldrel-macos-x86_64 | 0.4.14 | 37.00 | OK | |||
r-oldrel-windows-x86_64 | 0.4.14 | 21.00 | 61.00 | 82.00 | OK |
Version: 0.4.14
Check: CRAN incoming feasibility
Result: NOTE
Maintainer: ‘Daniel Manrique-Vallier <dmanriqu@indiana.edu>’
No Authors@R field in DESCRIPTION.
Please add one, modifying
Authors@R: person(given = "Daniel",
family = "Manrique-Vallier",
role = c("aut", "cre"),
email = "dmanriqu@indiana.edu")
as necessary.
Flavors: r-devel-linux-x86_64-debian-clang, r-devel-linux-x86_64-debian-gcc