Last updated on 2025-05-08 05:51:52 CEST.
Flavor | Version | Tinstall | Tcheck | Ttotal | Status | Flags |
---|---|---|---|---|---|---|
r-devel-linux-x86_64-debian-clang | 0.1.2 | 4.59 | 48.63 | 53.22 | NOTE | |
r-devel-linux-x86_64-debian-gcc | 0.1.2 | 3.20 | 35.61 | 38.81 | NOTE | |
r-devel-linux-x86_64-fedora-clang | 0.1.2 | 85.20 | OK | |||
r-devel-linux-x86_64-fedora-gcc | 0.1.2 | 82.73 | OK | |||
r-devel-windows-x86_64 | 0.1.2 | 6.00 | 64.00 | 70.00 | OK | |
r-patched-linux-x86_64 | 0.1.2 | 5.00 | 45.06 | 50.06 | OK | |
r-release-linux-x86_64 | 0.1.2 | 4.70 | 45.05 | 49.75 | OK | |
r-release-macos-arm64 | 0.1.2 | 28.00 | OK | |||
r-release-macos-x86_64 | 0.1.2 | 41.00 | OK | |||
r-release-windows-x86_64 | 0.1.2 | 6.00 | 61.00 | 67.00 | OK | |
r-oldrel-macos-arm64 | 0.1.2 | 28.00 | OK | |||
r-oldrel-macos-x86_64 | 0.1.2 | 48.00 | OK | |||
r-oldrel-windows-x86_64 | 0.1.2 | 9.00 | 75.00 | 84.00 | OK |
Version: 0.1.2
Check: CRAN incoming feasibility
Result: NOTE
Maintainer: ‘Zhen Huang <zh2395@columbia.edu>’
The Description field contains
using kernels and geometric graphs” <arXiv:2010.01768>, and it is
Please refer to arXiv e-prints via their arXiv DOI <doi:10.48550/arXiv.YYMM.NNNNN>.
Flavors: r-devel-linux-x86_64-debian-clang, r-devel-linux-x86_64-debian-gcc