Last updated on 2025-05-07 05:50:33 CEST.
Flavor | Version | Tinstall | Tcheck | Ttotal | Status | Flags |
---|---|---|---|---|---|---|
r-devel-linux-x86_64-debian-clang | 0.3.0 | 2.67 | 32.24 | 34.91 | NOTE | |
r-devel-linux-x86_64-debian-gcc | 0.3.0 | 2.12 | 24.91 | 27.03 | NOTE | |
r-devel-linux-x86_64-fedora-clang | 0.3.0 | 57.39 | OK | |||
r-devel-linux-x86_64-fedora-gcc | 0.3.0 | 73.10 | OK | |||
r-devel-windows-x86_64 | 0.3.0 | 5.00 | 64.00 | 69.00 | OK | |
r-patched-linux-x86_64 | 0.3.0 | 3.38 | 31.17 | 34.55 | OK | |
r-release-linux-x86_64 | 0.3.0 | 2.88 | 30.77 | 33.65 | OK | |
r-release-macos-arm64 | 0.3.0 | 36.00 | OK | |||
r-release-macos-x86_64 | 0.3.0 | 63.00 | OK | |||
r-release-windows-x86_64 | 0.3.0 | 5.00 | 64.00 | 69.00 | OK | |
r-oldrel-macos-arm64 | 0.3.0 | 28.00 | OK | |||
r-oldrel-macos-x86_64 | 0.3.0 | 46.00 | OK | |||
r-oldrel-windows-x86_64 | 0.3.0 | 5.00 | 66.00 | 71.00 | OK |
Version: 0.3.0
Check: CRAN incoming feasibility
Result: NOTE
Maintainer: ‘Johannes Breidenbach <job@nibio.no>’
No Authors@R field in DESCRIPTION.
Please add one, modifying
Authors@R: person(given = "Johannes",
family = "Breidenbach",
role = c("aut", "cre"),
email = "job@nibio.no")
as necessary.
Flavors: r-devel-linux-x86_64-debian-clang, r-devel-linux-x86_64-debian-gcc