Last updated on 2025-05-07 05:50:33 CEST.
Flavor | Version | Tinstall | Tcheck | Ttotal | Status | Flags |
---|---|---|---|---|---|---|
r-devel-linux-x86_64-debian-clang | 0.1.0 | 2.23 | 22.96 | 25.19 | NOTE | |
r-devel-linux-x86_64-debian-gcc | 0.1.0 | 1.80 | 18.27 | 20.07 | NOTE | |
r-devel-linux-x86_64-fedora-clang | 0.1.0 | 39.46 | OK | |||
r-devel-linux-x86_64-fedora-gcc | 0.1.0 | 39.09 | OK | |||
r-devel-windows-x86_64 | 0.1.0 | 3.00 | 48.00 | 51.00 | OK | |
r-patched-linux-x86_64 | 0.1.0 | 2.06 | 22.00 | 24.06 | OK | |
r-release-linux-x86_64 | 0.1.0 | 2.13 | 21.97 | 24.10 | OK | |
r-release-macos-arm64 | 0.1.0 | 16.00 | OK | |||
r-release-macos-x86_64 | 0.1.0 | 25.00 | OK | |||
r-release-windows-x86_64 | 0.1.0 | 3.00 | 50.00 | 53.00 | OK | |
r-oldrel-macos-arm64 | 0.1.0 | 15.00 | NOTE | |||
r-oldrel-macos-x86_64 | 0.1.0 | 23.00 | NOTE | |||
r-oldrel-windows-x86_64 | 0.1.0 | 3.00 | 55.00 | 58.00 | NOTE |
Version: 0.1.0
Check: CRAN incoming feasibility
Result: NOTE
Maintainer: ‘Tri Ha Minh Nguyen <tringuyen_2023@depauw.edu>’
No Authors@R field in DESCRIPTION.
Please add one, modifying
Authors@R: c(person(given = c("Tri", "Ha", "Minh", "Nguyen", "Jyotirmoy", "Sarkar", "Mamunur"),
family = "Rashid",
role = "aut"),
person(given = c("Tri", "Ha", "Minh"),
family = "Nguyen",
role = "cre",
email = "tringuyen_2023@depauw.edu"))
as necessary.
Flavors: r-devel-linux-x86_64-debian-clang, r-devel-linux-x86_64-debian-gcc
Version: 0.1.0
Check: LazyData
Result: NOTE
'LazyData' is specified without a 'data' directory
Flavors: r-oldrel-macos-arm64, r-oldrel-macos-x86_64, r-oldrel-windows-x86_64