CRAN Package Check Results for Package INTRIGUE

Last updated on 2025-05-08 05:51:51 CEST.

Flavor Version Tinstall Tcheck Ttotal Status Flags
r-devel-linux-x86_64-debian-clang 0.1.0 2.94 25.93 28.87 OK
r-devel-linux-x86_64-debian-gcc 0.1.0 2.19 19.33 21.52 OK
r-devel-linux-x86_64-fedora-clang 0.1.0 44.39 NOTE
r-devel-linux-x86_64-fedora-gcc 0.1.0 42.92 NOTE
r-devel-windows-x86_64 0.1.0 4.00 46.00 50.00 OK
r-patched-linux-x86_64 0.1.0 2.64 24.35 26.99 OK
r-release-linux-x86_64 0.1.0 2.19 24.43 26.62 OK
r-release-macos-arm64 0.1.0 24.00 OK
r-release-macos-x86_64 0.1.0 31.00 OK
r-release-windows-x86_64 0.1.0 4.00 45.00 49.00 OK
r-oldrel-macos-arm64 0.1.0 18.00 OK
r-oldrel-macos-x86_64 0.1.0 28.00 OK
r-oldrel-windows-x86_64 0.1.0 5.00 50.00 55.00 OK

Check Details

Version: 0.1.0
Check: dependencies in R code
Result: NOTE Namespace in Imports field not imported from: ‘dplyr’ All declared Imports should be used. Flavors: r-devel-linux-x86_64-fedora-clang, r-devel-linux-x86_64-fedora-gcc