CRAN Package Check Results for Package HighestMedianRules

Last updated on 2025-10-12 05:49:58 CEST.

Flavor Version Tinstall Tcheck Ttotal Status Flags
r-devel-linux-x86_64-debian-clang 1.0 1.96 19.37 21.33 OK
r-devel-linux-x86_64-debian-gcc 1.0 1.50 15.68 17.18 OK
r-devel-linux-x86_64-fedora-clang 1.0 30.58 OK
r-devel-linux-x86_64-fedora-gcc 1.0 29.47 OK
r-devel-windows-x86_64 1.0 3.00 39.00 42.00 OK
r-patched-linux-x86_64 1.0 2.09 18.41 20.50 OK
r-release-linux-x86_64 1.0 1.84 18.10 19.94 OK
r-release-macos-arm64 1.0 14.00 OK
r-release-macos-x86_64 1.0 22.00 OK
r-release-windows-x86_64 1.0 3.00 39.00 42.00 OK
r-oldrel-macos-arm64 1.0 13.00 NOTE
r-oldrel-macos-x86_64 1.0 19.00 NOTE
r-oldrel-windows-x86_64 1.0 3.00 38.00 41.00 NOTE

Check Details

Version: 1.0
Check: LazyData
Result: NOTE 'LazyData' is specified without a 'data' directory Flavors: r-oldrel-macos-arm64, r-oldrel-macos-x86_64, r-oldrel-windows-x86_64