CRAN Package Check Results for Package HazardDiff

Last updated on 2025-05-08 05:51:50 CEST.

Flavor Version Tinstall Tcheck Ttotal Status Flags
r-devel-linux-x86_64-debian-clang 0.1.0 2.26 24.58 26.84 NOTE
r-devel-linux-x86_64-debian-gcc 0.1.0 1.62 19.13 20.75 NOTE
r-devel-linux-x86_64-fedora-clang 0.1.0 42.79 OK
r-devel-linux-x86_64-fedora-gcc 0.1.0 40.45 OK
r-devel-windows-x86_64 0.1.0 3.00 44.00 47.00 OK
r-patched-linux-x86_64 0.1.0 1.75 23.53 25.28 OK
r-release-linux-x86_64 0.1.0 2.21 24.07 26.28 OK
r-release-macos-arm64 0.1.0 23.00 OK
r-release-macos-x86_64 0.1.0 27.00 OK
r-release-windows-x86_64 0.1.0 4.00 44.00 48.00 OK
r-oldrel-macos-arm64 0.1.0 17.00 OK
r-oldrel-macos-x86_64 0.1.0 25.00 OK
r-oldrel-windows-x86_64 0.1.0 4.00 50.00 54.00 OK

Check Details

Version: 0.1.0
Check: CRAN incoming feasibility
Result: NOTE Maintainer: ‘Denise Rava <drava@ucsd.edu>’ The Description field contains R. (2021) <arXiv:2112.09535>. Please refer to arXiv e-prints via their arXiv DOI <doi:10.48550/arXiv.YYMM.NNNNN>. Flavors: r-devel-linux-x86_64-debian-clang, r-devel-linux-x86_64-debian-gcc