CRAN Package Check Results for Package GPL2025

Last updated on 2025-05-08 05:51:50 CEST.

Flavor Version Tinstall Tcheck Ttotal Status Flags
r-devel-linux-x86_64-debian-clang 1.0.1 1.98 16.91 18.89 NOTE
r-devel-linux-x86_64-debian-gcc 1.0.1 1.71 14.12 15.83 NOTE
r-devel-linux-x86_64-fedora-clang 1.0.1 29.79 NOTE
r-devel-linux-x86_64-fedora-gcc 1.0.1 28.14 NOTE
r-devel-windows-x86_64 1.0.1 3.00 36.00 39.00 OK
r-patched-linux-x86_64 1.0.1 2.02 16.41 18.43 OK
r-release-linux-x86_64 1.0.1 1.88 16.31 18.19 OK
r-release-macos-arm64 1.0.1 18.00 OK
r-release-macos-x86_64 1.0.1 23.00 OK
r-release-windows-x86_64 1.0.1 4.00 36.00 40.00 OK
r-oldrel-macos-arm64 1.0.1 15.00 NOTE
r-oldrel-macos-x86_64 1.0.1 21.00 NOTE
r-oldrel-windows-x86_64 1.0.1 4.00 40.00 44.00 NOTE

Check Details

Version: 1.0.1
Check: CRAN incoming feasibility
Result: NOTE Maintainer: ‘Xiang Li <ynaulx@gmail.com>’ No Authors@R field in DESCRIPTION. Please add one, modifying Authors@R: person(given = "Xiang", family = "Li", role = c("aut", "cre"), email = "ynaulx@gmail.com") as necessary. Flavors: r-devel-linux-x86_64-debian-clang, r-devel-linux-x86_64-debian-gcc

Version: 1.0.1
Check: dependencies in R code
Result: NOTE Namespace in Imports field not imported from: ‘dplyr’ All declared Imports should be used. Flavors: r-devel-linux-x86_64-fedora-clang, r-devel-linux-x86_64-fedora-gcc

Version: 1.0.1
Check: LazyData
Result: NOTE 'LazyData' is specified without a 'data' directory Flavors: r-oldrel-macos-arm64, r-oldrel-macos-x86_64, r-oldrel-windows-x86_64