Last updated on 2025-05-08 05:51:50 CEST.
Flavor | Version | Tinstall | Tcheck | Ttotal | Status | Flags |
---|---|---|---|---|---|---|
r-devel-linux-x86_64-debian-clang | 0.5.0 | 10.24 | 74.07 | 84.31 | NOTE | |
r-devel-linux-x86_64-debian-gcc | 0.5.0 | 7.36 | 53.32 | 60.68 | NOTE | |
r-devel-linux-x86_64-fedora-clang | 0.5.0 | 130.52 | OK | |||
r-devel-linux-x86_64-fedora-gcc | 0.5.0 | 125.25 | OK | |||
r-devel-windows-x86_64 | 0.5.0 | 12.00 | 85.00 | 97.00 | NOTE | |
r-patched-linux-x86_64 | 0.5.0 | 9.62 | 70.68 | 80.30 | NOTE | |
r-release-linux-x86_64 | 0.5.0 | 10.48 | 70.05 | 80.53 | NOTE | |
r-release-macos-arm64 | 0.5.0 | 42.00 | OK | |||
r-release-macos-x86_64 | 0.5.0 | 81.00 | OK | |||
r-release-windows-x86_64 | 0.5.0 | 11.00 | 84.00 | 95.00 | NOTE | |
r-oldrel-macos-arm64 | 0.5.0 | 39.00 | OK | |||
r-oldrel-macos-x86_64 | 0.5.0 | 73.00 | OK | |||
r-oldrel-windows-x86_64 | 0.5.0 | 14.00 | 104.00 | 118.00 | OK |
Version: 0.5.0
Check: CRAN incoming feasibility
Result: NOTE
Maintainer: ‘Konrad Klotzke <omd.bms.utwente.stats@gmail.com>’
No Authors@R field in DESCRIPTION.
Please add one, modifying
Authors@R: c(person(given = "Jean-Paul",
family = "Fox",
role = "aut"),
person(given = "Konrad",
family = "Klotzke",
role = c("aut", "cre"),
email = "omd.bms.utwente.stats@gmail.com"),
person(given = "Duco",
family = "Veen",
role = "aut"))
as necessary.
Flavors: r-devel-linux-x86_64-debian-clang, r-devel-linux-x86_64-debian-gcc
Version: 0.5.0
Check: Rd cross-references
Result: NOTE
Found the following Rd file(s) with Rd \link{} targets missing package
anchors:
RRglmer.Rd: glmer, lmerControl, glmerControl, lme4
residuals.RRglmerMod.Rd: residuals.glmResp
Please provide package anchors for all Rd \link{} targets not in the
package itself and the base packages.
Flavors: r-devel-linux-x86_64-debian-clang, r-devel-linux-x86_64-debian-gcc, r-devel-windows-x86_64, r-patched-linux-x86_64, r-release-linux-x86_64, r-release-windows-x86_64