Last updated on 2025-11-06 05:49:57 CET.
| Flavor | Version | Tinstall | Tcheck | Ttotal | Status | Flags |
|---|---|---|---|---|---|---|
| r-devel-linux-x86_64-debian-clang | 1.1.2 | 1.81 | 23.15 | 24.96 | NOTE | |
| r-devel-linux-x86_64-debian-gcc | 1.1.2 | 1.48 | 18.96 | 20.44 | NOTE | |
| r-devel-linux-x86_64-fedora-clang | 1.1.2 | 36.53 | OK | |||
| r-devel-linux-x86_64-fedora-gcc | 1.1.2 | 33.68 | OK | |||
| r-devel-windows-x86_64 | 1.1.2 | 2.00 | 43.00 | 45.00 | OK | |
| r-patched-linux-x86_64 | 1.1.2 | 1.95 | 22.26 | 24.21 | OK | |
| r-release-linux-x86_64 | 1.1.2 | 1.84 | 22.02 | 23.86 | OK | |
| r-release-macos-arm64 | 1.1.2 | 1.00 | 15.00 | 16.00 | OK | |
| r-release-macos-x86_64 | 1.1.2 | 2.00 | 23.00 | 25.00 | OK | |
| r-release-windows-x86_64 | 1.1.2 | 3.00 | 43.00 | 46.00 | OK | |
| r-oldrel-macos-arm64 | 1.1.2 | 1.00 | 14.00 | 15.00 | OK | |
| r-oldrel-macos-x86_64 | 1.1.2 | 2.00 | 27.00 | 29.00 | OK | |
| r-oldrel-windows-x86_64 | 1.1.2 | 3.00 | 46.00 | 49.00 | OK |
Version: 1.1.2
Check: CRAN incoming feasibility
Result: NOTE
Maintainer: ‘Philipp Hermann <philipp.hermann@jku.at>’
No Authors@R field in DESCRIPTION.
Please add one, modifying
Authors@R: c(person(given = "Philipp",
family = "Hermann",
role = c("aut", "cre"),
email = "philipp.hermann@jku.at"),
person(given = "Jozef",
family = "Kiselak",
role = "aut"),
person(given = "Milan",
family = "Stehlik",
role = "aut"))
as necessary.
The BugReports field in DESCRIPTION has
https://github.com/PhHermann/FractalParameterEstimation
which should likely be
https://github.com/PhHermann/FractalParameterEstimation/issues
instead.
Flavors: r-devel-linux-x86_64-debian-clang, r-devel-linux-x86_64-debian-gcc