Last updated on 2025-05-07 05:50:30 CEST.
Flavor | Version | Tinstall | Tcheck | Ttotal | Status | Flags |
---|---|---|---|---|---|---|
r-devel-linux-x86_64-debian-clang | 1.1.2 | 7.48 | 59.00 | 66.48 | OK | |
r-devel-linux-x86_64-debian-gcc | 1.1.2 | 5.27 | 44.58 | 49.85 | OK | |
r-devel-linux-x86_64-fedora-clang | 1.1.2 | 105.16 | NOTE | |||
r-devel-linux-x86_64-fedora-gcc | 1.1.2 | 113.09 | NOTE | |||
r-devel-windows-x86_64 | 1.1.2 | 10.00 | 71.00 | 81.00 | OK | |
r-patched-linux-x86_64 | 1.1.2 | 6.23 | 55.29 | 61.52 | OK | |
r-release-linux-x86_64 | 1.1.2 | 6.75 | 56.11 | 62.86 | OK | |
r-release-macos-arm64 | 1.1.2 | 39.00 | OK | |||
r-release-macos-x86_64 | 1.1.2 | 68.00 | OK | |||
r-release-windows-x86_64 | 1.1.2 | 8.00 | 70.00 | 78.00 | OK | |
r-oldrel-macos-arm64 | 1.1.2 | 30.00 | OK | |||
r-oldrel-macos-x86_64 | 1.1.2 | 43.00 | OK | |||
r-oldrel-windows-x86_64 | 1.1.2 | 12.00 | 86.00 | 98.00 | OK |
Version: 1.1.2
Check: dependencies in R code
Result: NOTE
Namespaces in Imports field not imported from:
‘TreeSim’ ‘shinyjs’
All declared Imports should be used.
Flavors: r-devel-linux-x86_64-fedora-clang, r-devel-linux-x86_64-fedora-gcc