Last updated on 2025-05-08 05:51:49 CEST.
Flavor | Version | Tinstall | Tcheck | Ttotal | Status | Flags |
---|---|---|---|---|---|---|
r-devel-linux-x86_64-debian-clang | 0.1.0 | 1.84 | 24.81 | 26.65 | NOTE | |
r-devel-linux-x86_64-debian-gcc | 0.1.0 | 1.56 | 19.05 | 20.61 | NOTE | |
r-devel-linux-x86_64-fedora-clang | 0.1.0 | 42.24 | OK | |||
r-devel-linux-x86_64-fedora-gcc | 0.1.0 | 41.04 | OK | |||
r-devel-windows-x86_64 | 0.1.0 | 2.00 | 44.00 | 46.00 | OK | |
r-patched-linux-x86_64 | 0.1.0 | 1.87 | 23.67 | 25.54 | OK | |
r-release-linux-x86_64 | 0.1.0 | 1.90 | 23.72 | 25.62 | OK | |
r-release-macos-arm64 | 0.1.0 | 18.00 | OK | |||
r-release-macos-x86_64 | 0.1.0 | 30.00 | OK | |||
r-release-windows-x86_64 | 0.1.0 | 3.00 | 45.00 | 48.00 | OK | |
r-oldrel-macos-arm64 | 0.1.0 | 16.00 | NOTE | |||
r-oldrel-macos-x86_64 | 0.1.0 | 23.00 | NOTE | |||
r-oldrel-windows-x86_64 | 0.1.0 | 3.00 | 48.00 | 51.00 | NOTE |
Version: 0.1.0
Check: CRAN incoming feasibility
Result: NOTE
Maintainer: ‘Haddouchi Maïssae <maissaem7@gmail.com>’
No Authors@R field in DESCRIPTION.
Please add one, modifying
Authors@R: person(given = "Haddouchi",
family = "Maïssae",
role = c("aut", "cre"),
email = "maissaem7@gmail.com")
as necessary.
Flavors: r-devel-linux-x86_64-debian-clang, r-devel-linux-x86_64-debian-gcc
Version: 0.1.0
Check: LazyData
Result: NOTE
'LazyData' is specified without a 'data' directory
Flavors: r-oldrel-macos-arm64, r-oldrel-macos-x86_64, r-oldrel-windows-x86_64