Last updated on 2025-05-07 05:50:30 CEST.
Flavor | Version | Tinstall | Tcheck | Ttotal | Status | Flags |
---|---|---|---|---|---|---|
r-devel-linux-x86_64-debian-clang | 0.2.2 | 23.37 | 55.47 | 78.84 | OK | |
r-devel-linux-x86_64-debian-gcc | 0.2.2 | 14.40 | 40.04 | 54.44 | OK | |
r-devel-linux-x86_64-fedora-clang | 0.2.2 | 134.97 | NOTE | |||
r-devel-linux-x86_64-fedora-gcc | 0.2.2 | 141.79 | NOTE | |||
r-devel-windows-x86_64 | 0.2.2 | 31.00 | 83.00 | 114.00 | OK | |
r-patched-linux-x86_64 | 0.2.2 | 19.94 | 51.98 | 71.92 | OK | |
r-release-linux-x86_64 | 0.2.2 | 20.44 | 52.52 | 72.96 | OK | |
r-release-macos-arm64 | 0.2.2 | 50.00 | OK | |||
r-release-macos-x86_64 | 0.2.2 | 77.00 | OK | |||
r-release-windows-x86_64 | 0.2.2 | 28.00 | 85.00 | 113.00 | OK | |
r-oldrel-macos-arm64 | 0.2.2 | 40.00 | OK | |||
r-oldrel-macos-x86_64 | 0.2.2 | 68.00 | OK | |||
r-oldrel-windows-x86_64 | 0.2.2 | 32.00 | 106.00 | 138.00 | OK |
Version: 0.2.2
Check: dependencies in R code
Result: NOTE
Namespaces in Imports field not imported from:
‘kableExtra’ ‘knitr’ ‘rmarkdown’
All declared Imports should be used.
Flavors: r-devel-linux-x86_64-fedora-clang, r-devel-linux-x86_64-fedora-gcc