Last updated on 2025-05-08 05:51:48 CEST.
Flavor | Version | Tinstall | Tcheck | Ttotal | Status | Flags |
---|---|---|---|---|---|---|
r-devel-linux-x86_64-debian-clang | 9.1.6 | 24.77 | 226.69 | 251.46 | NOTE | |
r-devel-linux-x86_64-debian-gcc | 9.1.6 | 15.68 | 144.45 | 160.13 | NOTE | |
r-devel-linux-x86_64-fedora-clang | 9.1.6 | 409.38 | OK | |||
r-devel-linux-x86_64-fedora-gcc | 9.1.6 | 384.29 | OK | |||
r-devel-windows-x86_64 | 9.1.6 | 24.00 | 173.00 | 197.00 | OK | |
r-patched-linux-x86_64 | 9.1.6 | 26.61 | 214.40 | 241.01 | OK | |
r-release-linux-x86_64 | 9.1.6 | 22.43 | 212.59 | 235.02 | OK | |
r-release-macos-arm64 | 9.1.6 | 84.00 | OK | |||
r-release-macos-x86_64 | 9.1.6 | 185.00 | OK | |||
r-release-windows-x86_64 | 9.1.6 | 22.00 | 169.00 | 191.00 | OK | |
r-oldrel-macos-arm64 | 9.1.6 | 77.00 | OK | |||
r-oldrel-macos-x86_64 | 9.1.6 | 132.00 | OK | |||
r-oldrel-windows-x86_64 | 9.1.6 | 33.00 | 235.00 | 268.00 | OK |
Version: 9.1.6
Check: CRAN incoming feasibility
Result: NOTE
Maintainer: ‘Subhadip Datta <subhadipdatta007@gmail.com>’
No Authors@R field in DESCRIPTION.
Please add one, modifying
Authors@R: c(person(given = "Suhadip",
family = "Datta",
role = "aut"),
person(given = "Subhadip",
family = "Datta",
role = "cre",
email = "subhadipdatta007@gmail.com"))
as necessary.
Flavors: r-devel-linux-x86_64-debian-clang, r-devel-linux-x86_64-debian-gcc