Last updated on 2025-05-08 05:51:48 CEST.
Flavor | Version | Tinstall | Tcheck | Ttotal | Status | Flags |
---|---|---|---|---|---|---|
r-devel-linux-x86_64-debian-clang | 1.16 | 12.89 | 64.32 | 77.21 | NOTE | |
r-devel-linux-x86_64-debian-gcc | 1.16 | 8.18 | 43.34 | 51.52 | NOTE | |
r-devel-linux-x86_64-fedora-clang | 1.16 | 122.07 | OK | |||
r-devel-linux-x86_64-fedora-gcc | 1.16 | 113.46 | OK | |||
r-devel-windows-x86_64 | 1.16 | 13.00 | 81.00 | 94.00 | OK | |
r-patched-linux-x86_64 | 1.16 | 13.28 | 59.31 | 72.59 | OK | |
r-release-linux-x86_64 | 1.16 | 10.28 | 59.68 | 69.96 | OK | |
r-release-macos-arm64 | 1.16 | 32.00 | OK | |||
r-release-macos-x86_64 | 1.16 | 62.00 | OK | |||
r-release-windows-x86_64 | 1.16 | 12.00 | 81.00 | 93.00 | OK | |
r-oldrel-macos-arm64 | 1.16 | 30.00 | OK | |||
r-oldrel-macos-x86_64 | 1.16 | 49.00 | OK | |||
r-oldrel-windows-x86_64 | 1.16 | 17.00 | 100.00 | 117.00 | OK |
Version: 1.16
Check: CRAN incoming feasibility
Result: NOTE
Maintainer: ‘Danlu Guo <danlu.guo@unimelb.edu.au>’
No Authors@R field in DESCRIPTION.
Please add one, modifying
Authors@R: c(person(given = "Danlu",
family = "Guo",
role = c("aut", "cre"),
email = "danlu.guo@adelaide.edu.au"),
person(given = "Seth",
family = "Westra",
role = "aut",
email = "swestra@civeng.adelaide.edu.au"),
person(given = "Tim",
family = "Peterson",
role = "ctb",
email = "tim.peterson@monash.edu"))
as necessary.
Flavors: r-devel-linux-x86_64-debian-clang, r-devel-linux-x86_64-debian-gcc